{"id":1018,"date":"2021-10-06T10:11:53","date_gmt":"2021-10-06T07:11:53","guid":{"rendered":"https:\/\/www.adventtikalenteri.fi\/myyjille\/?page_id=1018"},"modified":"2025-10-24T16:40:22","modified_gmt":"2025-10-24T13:40:22","slug":"myynti-kauppojen-edustalla","status":"publish","type":"page","link":"https:\/\/www.adventtikalenteri.fi\/myyjille\/myynti-kauppojen-edustalla\/","title":{"rendered":"Myynti kauppojen edustalla"},"content":{"rendered":"\n<p class=\"is-style-lead\">Ruokakauppojen edustat ja aulatilat ovat hyvi\u00e4 paikkoja kalenterin myyntiin! Kaupoilla tavoitatte runsaasti ihmisi\u00e4 luontevassa tilanteessa -heh\u00e4n ovat jo valmiiksi ostoksilla!<\/p>\n\n\n\n<p>Kun menette myym\u00e4\u00e4n kalenteria kauppoihin tai kauppakeskuksiin, on t\u00e4rke\u00e4\u00e4 pyyt\u00e4\u00e4 lupa etuk\u00e4teen ja sopia k\u00e4yt\u00e4nn\u00f6n asioista kauppiaan tai myym\u00e4l\u00e4vastaavan kanssa. <\/p>\n\n\n\n<p>Mit\u00e4 tietoja kertoa, kun l\u00e4hestyy mahdollista myyntipaikkaa<\/p>\n\n\n\n<ul class=\"wp-block-list\">\n<li>Myymme partiolaisten adventtikalentereita toimintamme tueksi. P\u00e4\u00e4sisimmek\u00f6 tiloihinne myym\u00e4\u00e4n kalentereita?<\/li>\n\n\n\n<li>Kalenterien myyntiaika ja oma ehdotuksenne, milloin tulisitte myym\u00e4\u00e4n.<\/li>\n\n\n\n<li>Mit\u00e4 lippukuntaa edustat ja mill\u00e4 alueella tai paikkakunnalla se toimii?<\/li>\n\n\n\n<li>Mihin lippukuntanne k\u00e4ytt\u00e4\u00e4 saamiaan tuloja?<\/li>\n\n\n\n<li>Mit\u00e4 toivotte myyntipaikalta (esim. myyntip\u00f6yt\u00e4 tai mahdollisuus laittaa reput myynnin ajaksi talteen) ja mit\u00e4 j\u00e4rjest\u00e4\u00e4 itse (esim. mainosbanderolli myyntip\u00f6yd\u00e4lle)?<\/li>\n\n\n\n<li>Omat yhteystietosi<\/li>\n<\/ul>\n\n\n\n<h2 class=\"wp-block-heading\">Kauppaketjujen ohjeet<\/h2>\n\n\n\n<p>Suomen Partiolaiset on ollut kauppaketjuihin yhteydess\u00e4 jo ennen kampanjaa ja kertonut, ett\u00e4 lippukunnat ovat yhteydess\u00e4 paikalliseen kauppaan aina hyviss\u00e4 ajoin ennen myyntitempausta.<\/p>\n\n\n\n<ul class=\"wp-block-list\">\n<li><strong>K-kaupat: <\/strong>Ole yhteydess\u00e4 paikalliseen K-kauppiaaseen.<\/li>\n\n\n\n<li><strong>S-ryhm\u00e4: <\/strong>Myynnist\u00e4 sovitaan paikallisesti Osuuskaupan kanssa. Olethan ajoissa yhteydess\u00e4!<\/li>\n\n\n\n<li><strong>Tokmanni<\/strong>: Partiolaiset voivat myyd\u00e4 Tokmannien edustalla 15.10.-5.12.2025 v\u00e4lill\u00e4.\n<ul class=\"wp-block-list\">\n<li>Myynnist\u00e4 on ennen myynnin aloittamista ilmoitettava myym\u00e4l\u00e4ss\u00e4 esimerkiksi infossa tai muulle henkil\u00f6kunnalle. Ei mielell\u00e4\u00e4n kassahenkil\u00f6lle, jos kassalla on asiakkaita. <\/li>\n\n\n\n<li>Myym\u00e4lien myym\u00e4l\u00e4p\u00e4\u00e4llik\u00f6t ovat saaneet tiedon asiasta, joten henkil\u00f6kunta on tarvittaessa myym\u00e4l\u00e4p\u00e4\u00e4llikk\u00f6\u00f6n yhteydess\u00e4.<\/li>\n\n\n\n<li>Henkil\u00f6kunnan kanssa voidaan varmistaa sopiva myyntipaikka.<\/li>\n<\/ul>\n<\/li>\n\n\n\n<li><strong>Lidl Suomi:\u00a0<\/strong>Myynnist\u00e4 on sovittu keskitetysti kaikkien Lidl-myym\u00e4l\u00f6iden osalta: <ul><li>Partiolaisilla on lupa myyd\u00e4 adventtikalentereita Lidl-myym\u00e4l\u00f6iden l\u00e4heisyydess\u00e4, mutta ei sis\u00e4ll\u00e4 myym\u00e4l\u00f6iss\u00e4. Myynti on sallittua marraskuun ajan 1.-30.11.2025. <\/li><\/ul>\n<ul class=\"wp-block-list\">\n<li>Erillist\u00e4 yhteydenottoa kauppaan ei tarvita. Partiolaisia pyydet\u00e4\u00e4n j\u00e4tt\u00e4m\u00e4\u00e4n myym\u00e4l\u00e4n sis\u00e4\u00e4nk\u00e4ynnit ja muut kulkureitit vapaiksi, jotta asiakkaamme eiv\u00e4t pit\u00e4isi myyntitilannetta painostavana. My\u00f6s parkkipaikkojen liikenne on syyt\u00e4 ottaa huomioon, jotta vaaratilanteita ei syntyisi. <\/li>\n\n\n\n<li>Huom! Kauppakeskuskohteissa lupa myyntiin kannattaa varmistaa viel\u00e4 erikseen kauppakeskukselta. Jos kauppakeskus on kielt\u00e4nyt myyntitoiminnan tiloissaan myym\u00e4l\u00f6iden edustalla, on ment\u00e4v\u00e4 sen ohjeistuksen mukaan.<br><\/li>\n<\/ul>\n<\/li>\n<\/ul>\n","protected":false},"excerpt":{"rendered":"<p>Ruokakauppojen edustat ja aulatilat ovat hyvi\u00e4 paikkoja kalenterin myyntiin! Kaupoilla<\/p>\n","protected":false},"author":3,"featured_media":0,"parent":0,"menu_order":0,"comment_status":"closed","ping_status":"closed","template":"","meta":{"_acf_changed":false,"_relevanssi_hide_post":"","_relevanssi_hide_content":"","_relevanssi_pin_for_all":"","_relevanssi_pin_keywords":"","_relevanssi_unpin_keywords":"","_relevanssi_related_keywords":"","_relevanssi_related_include_ids":"","_relevanssi_related_exclude_ids":"","_relevanssi_related_no_append":"","_relevanssi_related_not_related":"","_relevanssi_related_posts":"1072,870,1159,1230,550,1486","_relevanssi_noindex_reason":"","footnotes":""},"class_list":["post-1018","page","type-page","status-publish","hentry"],"acf":[],"yoast_head":"<!-- This site is optimized with the Yoast SEO plugin v27.3 - https:\/\/yoast.com\/product\/yoast-seo-wordpress\/ -->\n<title>Myynti kauppojen edustalla - Ohjesivusto adventtikalenterin myyjille<\/title>\n<meta name=\"robots\" content=\"index, follow, max-snippet:-1, max-image-preview:large, max-video-preview:-1\" \/>\n<link rel=\"canonical\" href=\"https:\/\/www.adventtikalenteri.fi\/myyjille\/myynti-kauppojen-edustalla\/\" \/>\n<meta property=\"og:locale\" content=\"fi_FI\" \/>\n<meta property=\"og:type\" content=\"article\" \/>\n<meta property=\"og:title\" content=\"Myynti kauppojen edustalla - Ohjesivusto adventtikalenterin myyjille\" \/>\n<meta property=\"og:description\" content=\"Ruokakauppojen edustat ja aulatilat ovat hyvi\u00e4 paikkoja kalenterin myyntiin! Kaupoilla\" \/>\n<meta property=\"og:url\" content=\"https:\/\/www.adventtikalenteri.fi\/myyjille\/myynti-kauppojen-edustalla\/\" \/>\n<meta property=\"og:site_name\" content=\"Ohjesivusto adventtikalenterin myyjille\" \/>\n<meta property=\"article:modified_time\" content=\"2025-10-24T13:40:22+00:00\" \/>\n<meta property=\"og:image\" content=\"https:\/\/www.adventtikalenteri.fi\/myyjille\/wp-content\/uploads\/sites\/2\/2025\/08\/Adventtikalenteri25_NettaHautamaki_35.jpg\" \/>\n\t<meta property=\"og:image:width\" content=\"1500\" \/>\n\t<meta property=\"og:image:height\" content=\"1000\" \/>\n\t<meta property=\"og:image:type\" content=\"image\/jpeg\" \/>\n<meta name=\"twitter:card\" content=\"summary_large_image\" \/>\n<meta name=\"twitter:label1\" content=\"Arvioitu lukuaika\" \/>\n\t<meta name=\"twitter:data1\" content=\"2 minuuttia\" \/>\n<script type=\"application\/ld+json\" class=\"yoast-schema-graph\">{\"@context\":\"https:\\\/\\\/schema.org\",\"@graph\":[{\"@type\":\"WebPage\",\"@id\":\"https:\\\/\\\/www.adventtikalenteri.fi\\\/myyjille\\\/myynti-kauppojen-edustalla\\\/\",\"url\":\"https:\\\/\\\/www.adventtikalenteri.fi\\\/myyjille\\\/myynti-kauppojen-edustalla\\\/\",\"name\":\"Myynti kauppojen edustalla - Ohjesivusto adventtikalenterin myyjille\",\"isPartOf\":{\"@id\":\"https:\\\/\\\/www.adventtikalenteri.fi\\\/myyjille\\\/#website\"},\"datePublished\":\"2021-10-06T07:11:53+00:00\",\"dateModified\":\"2025-10-24T13:40:22+00:00\",\"breadcrumb\":{\"@id\":\"https:\\\/\\\/www.adventtikalenteri.fi\\\/myyjille\\\/myynti-kauppojen-edustalla\\\/#breadcrumb\"},\"inLanguage\":\"fi\",\"potentialAction\":[{\"@type\":\"ReadAction\",\"target\":[\"https:\\\/\\\/www.adventtikalenteri.fi\\\/myyjille\\\/myynti-kauppojen-edustalla\\\/\"]}]},{\"@type\":\"BreadcrumbList\",\"@id\":\"https:\\\/\\\/www.adventtikalenteri.fi\\\/myyjille\\\/myynti-kauppojen-edustalla\\\/#breadcrumb\",\"itemListElement\":[{\"@type\":\"ListItem\",\"position\":1,\"name\":\"Etusivu\",\"item\":\"https:\\\/\\\/www.adventtikalenteri.fi\\\/myyjille\\\/\"},{\"@type\":\"ListItem\",\"position\":2,\"name\":\"Myynti kauppojen edustalla\"}]},{\"@type\":\"WebSite\",\"@id\":\"https:\\\/\\\/www.adventtikalenteri.fi\\\/myyjille\\\/#website\",\"url\":\"https:\\\/\\\/www.adventtikalenteri.fi\\\/myyjille\\\/\",\"name\":\"Ohjesivusto adventtikalenterin myyjille\",\"description\":\"\",\"potentialAction\":[{\"@type\":\"SearchAction\",\"target\":{\"@type\":\"EntryPoint\",\"urlTemplate\":\"https:\\\/\\\/www.adventtikalenteri.fi\\\/myyjille\\\/?s={search_term_string}\"},\"query-input\":{\"@type\":\"PropertyValueSpecification\",\"valueRequired\":true,\"valueName\":\"search_term_string\"}}],\"inLanguage\":\"fi\"}]}<\/script>\n<!-- \/ Yoast SEO plugin. -->","yoast_head_json":{"title":"Myynti kauppojen edustalla - Ohjesivusto adventtikalenterin myyjille","robots":{"index":"index","follow":"follow","max-snippet":"max-snippet:-1","max-image-preview":"max-image-preview:large","max-video-preview":"max-video-preview:-1"},"canonical":"https:\/\/www.adventtikalenteri.fi\/myyjille\/myynti-kauppojen-edustalla\/","og_locale":"fi_FI","og_type":"article","og_title":"Myynti kauppojen edustalla - Ohjesivusto adventtikalenterin myyjille","og_description":"Ruokakauppojen edustat ja aulatilat ovat hyvi\u00e4 paikkoja kalenterin myyntiin! Kaupoilla","og_url":"https:\/\/www.adventtikalenteri.fi\/myyjille\/myynti-kauppojen-edustalla\/","og_site_name":"Ohjesivusto adventtikalenterin myyjille","article_modified_time":"2025-10-24T13:40:22+00:00","og_image":[{"width":1500,"height":1000,"url":"https:\/\/www.adventtikalenteri.fi\/myyjille\/wp-content\/uploads\/sites\/2\/2025\/08\/Adventtikalenteri25_NettaHautamaki_35.jpg","type":"image\/jpeg"}],"twitter_card":"summary_large_image","twitter_misc":{"Arvioitu lukuaika":"2 minuuttia"},"schema":{"@context":"https:\/\/schema.org","@graph":[{"@type":"WebPage","@id":"https:\/\/www.adventtikalenteri.fi\/myyjille\/myynti-kauppojen-edustalla\/","url":"https:\/\/www.adventtikalenteri.fi\/myyjille\/myynti-kauppojen-edustalla\/","name":"Myynti kauppojen edustalla - Ohjesivusto adventtikalenterin myyjille","isPartOf":{"@id":"https:\/\/www.adventtikalenteri.fi\/myyjille\/#website"},"datePublished":"2021-10-06T07:11:53+00:00","dateModified":"2025-10-24T13:40:22+00:00","breadcrumb":{"@id":"https:\/\/www.adventtikalenteri.fi\/myyjille\/myynti-kauppojen-edustalla\/#breadcrumb"},"inLanguage":"fi","potentialAction":[{"@type":"ReadAction","target":["https:\/\/www.adventtikalenteri.fi\/myyjille\/myynti-kauppojen-edustalla\/"]}]},{"@type":"BreadcrumbList","@id":"https:\/\/www.adventtikalenteri.fi\/myyjille\/myynti-kauppojen-edustalla\/#breadcrumb","itemListElement":[{"@type":"ListItem","position":1,"name":"Etusivu","item":"https:\/\/www.adventtikalenteri.fi\/myyjille\/"},{"@type":"ListItem","position":2,"name":"Myynti kauppojen edustalla"}]},{"@type":"WebSite","@id":"https:\/\/www.adventtikalenteri.fi\/myyjille\/#website","url":"https:\/\/www.adventtikalenteri.fi\/myyjille\/","name":"Ohjesivusto adventtikalenterin myyjille","description":"","potentialAction":[{"@type":"SearchAction","target":{"@type":"EntryPoint","urlTemplate":"https:\/\/www.adventtikalenteri.fi\/myyjille\/?s={search_term_string}"},"query-input":{"@type":"PropertyValueSpecification","valueRequired":true,"valueName":"search_term_string"}}],"inLanguage":"fi"}]}},"_links":{"self":[{"href":"https:\/\/www.adventtikalenteri.fi\/myyjille\/wp-json\/wp\/v2\/pages\/1018","targetHints":{"allow":["GET"]}}],"collection":[{"href":"https:\/\/www.adventtikalenteri.fi\/myyjille\/wp-json\/wp\/v2\/pages"}],"about":[{"href":"https:\/\/www.adventtikalenteri.fi\/myyjille\/wp-json\/wp\/v2\/types\/page"}],"author":[{"embeddable":true,"href":"https:\/\/www.adventtikalenteri.fi\/myyjille\/wp-json\/wp\/v2\/users\/3"}],"replies":[{"embeddable":true,"href":"https:\/\/www.adventtikalenteri.fi\/myyjille\/wp-json\/wp\/v2\/comments?post=1018"}],"version-history":[{"count":15,"href":"https:\/\/www.adventtikalenteri.fi\/myyjille\/wp-json\/wp\/v2\/pages\/1018\/revisions"}],"predecessor-version":[{"id":3928,"href":"https:\/\/www.adventtikalenteri.fi\/myyjille\/wp-json\/wp\/v2\/pages\/1018\/revisions\/3928"}],"wp:attachment":[{"href":"https:\/\/www.adventtikalenteri.fi\/myyjille\/wp-json\/wp\/v2\/media?parent=1018"}],"curies":[{"name":"wp","href":"https:\/\/api.w.org\/{rel}","templated":true}]}}

<p class="is-style-lead">Ruokakauppojen edustat ja aulatilat ovat hyviä paikkoja kalenterin myyntiin! Kaupoilla tavoitatte runsaasti ihmisiä luontevassa tilanteessa -hehän ovat jo valmiiksi ostoksilla!</p>



<p>Kun menette myymään kalenteria kauppoihin tai kauppakeskuksiin, on tärkeää pyytää lupa etukäteen ja sopia käytännön asioista kauppiaan tai myymälävastaavan kanssa. </p>



<p>Mitä tietoja kertoa, kun lähestyy mahdollista myyntipaikkaa</p>



<ul class="wp-block-list">
<li>Myymme partiolaisten adventtikalentereita toimintamme tueksi. Pääsisimmekö tiloihinne myymään kalentereita?</li>



<li>Kalenterien myyntiaika ja oma ehdotuksenne, milloin tulisitte myymään.</li>



<li>Mitä lippukuntaa edustat ja millä alueella tai paikkakunnalla se toimii?</li>



<li>Mihin lippukuntanne käyttää saamiaan tuloja?</li>



<li>Mitä toivotte myyntipaikalta (esim. myyntipöytä tai mahdollisuus laittaa reput myynnin ajaksi talteen) ja mitä järjestää itse (esim. mainosbanderolli myyntipöydälle)?</li>



<li>Omat yhteystietosi</li>
</ul>



<h2 class="wp-block-heading">Kauppaketjujen ohjeet</h2>



<p>Suomen Partiolaiset on ollut kauppaketjuihin yhteydessä jo ennen kampanjaa ja kertonut, että lippukunnat ovat yhteydessä paikalliseen kauppaan aina hyvissä ajoin ennen myyntitempausta.</p>



<ul class="wp-block-list">
<li><strong>K-kaupat: </strong>Ole yhteydessä paikalliseen K-kauppiaaseen.</li>



<li><strong>S-ryhmä: </strong>Myynnistä sovitaan paikallisesti Osuuskaupan kanssa. Olethan ajoissa yhteydessä!</li>



<li><strong>Tokmanni</strong>: Partiolaiset voivat myydä Tokmannien edustalla 15.10.-5.12.2025 välillä.
<ul class="wp-block-list">
<li>Myynnistä on ennen myynnin aloittamista ilmoitettava myymälässä esimerkiksi infossa tai muulle henkilökunnalle. Ei mielellään kassahenkilölle, jos kassalla on asiakkaita. </li>



<li>Myymälien myymäläpäälliköt ovat saaneet tiedon asiasta, joten henkilökunta on tarvittaessa myymäläpäällikköön yhteydessä.</li>



<li>Henkilökunnan kanssa voidaan varmistaa sopiva myyntipaikka.</li>
</ul>
</li>



<li><strong>Lidl Suomi: </strong>Myynnistä on sovittu keskitetysti kaikkien Lidl-myymälöiden osalta: <ul><li>Partiolaisilla on lupa myydä adventtikalentereita Lidl-myymälöiden läheisyydessä, mutta ei sisällä myymälöissä. Myynti on sallittua marraskuun ajan 1.-30.11.2025. </li></ul>
<ul class="wp-block-list">
<li>Erillistä yhteydenottoa kauppaan ei tarvita. Partiolaisia pyydetään jättämään myymälän sisäänkäynnit ja muut kulkureitit vapaiksi, jotta asiakkaamme eivät pitäisi myyntitilannetta painostavana. Myös parkkipaikkojen liikenne on syytä ottaa huomioon, jotta vaaratilanteita ei syntyisi. </li>



<li>Huom! Kauppakeskuskohteissa lupa myyntiin kannattaa varmistaa vielä erikseen kauppakeskukselta. Jos kauppakeskus on kieltänyt myyntitoiminnan tiloissaan myymälöiden edustalla, on mentävä sen ohjeistuksen mukaan.<br></li>
</ul>
</li>
</ul>

<p>Ruokakauppojen edustat ja aulatilat ovat hyviä paikkoja kalenterin myyntiin! Kaupoilla</p>

<!-- This site is optimized with the Yoast SEO plugin v27.3 - https://yoast.com/product/yoast-seo-wordpress/ -->
<title>Myynti kauppojen edustalla - Ohjesivusto adventtikalenterin myyjille</title>
<meta name="robots" content="index, follow, max-snippet:-1, max-image-preview:large, max-video-preview:-1" />
<link rel="canonical" href="https://www.adventtikalenteri.fi/myyjille/myynti-kauppojen-edustalla/" />
<meta property="og:locale" content="fi_FI" />
<meta property="og:type" content="article" />
<meta property="og:title" content="Myynti kauppojen edustalla - Ohjesivusto adventtikalenterin myyjille" />
<meta property="og:description" content="Ruokakauppojen edustat ja aulatilat ovat hyviä paikkoja kalenterin myyntiin! Kaupoilla" />
<meta property="og:url" content="https://www.adventtikalenteri.fi/myyjille/myynti-kauppojen-edustalla/" />
<meta property="og:site_name" content="Ohjesivusto adventtikalenterin myyjille" />
<meta property="article:modified_time" content="2025-10-24T13:40:22+00:00" />
<meta property="og:image" content="https://www.adventtikalenteri.fi/myyjille/wp-content/uploads/sites/2/2025/08/Adventtikalenteri25_NettaHautamaki_35.jpg" />
	<meta property="og:image:width" content="1500" />
	<meta property="og:image:height" content="1000" />
	<meta property="og:image:type" content="image/jpeg" />
<meta name="twitter:card" content="summary_large_image" />
<meta name="twitter:label1" content="Arvioitu lukuaika" />
	<meta name="twitter:data1" content="2 minuuttia" />
<script type="application/ld+json" class="yoast-schema-graph">{"@context":"https:\/\/schema.org","@graph":[{"@type":"WebPage","@id":"https:\/\/www.adventtikalenteri.fi\/myyjille\/myynti-kauppojen-edustalla\/","url":"https:\/\/www.adventtikalenteri.fi\/myyjille\/myynti-kauppojen-edustalla\/","name":"Myynti kauppojen edustalla - Ohjesivusto adventtikalenterin myyjille","isPartOf":{"@id":"https:\/\/www.adventtikalenteri.fi\/myyjille\/#website"},"datePublished":"2021-10-06T07:11:53+00:00","dateModified":"2025-10-24T13:40:22+00:00","breadcrumb":{"@id":"https:\/\/www.adventtikalenteri.fi\/myyjille\/myynti-kauppojen-edustalla\/#breadcrumb"},"inLanguage":"fi","potentialAction":[{"@type":"ReadAction","target":["https:\/\/www.adventtikalenteri.fi\/myyjille\/myynti-kauppojen-edustalla\/"]}]},{"@type":"BreadcrumbList","@id":"https:\/\/www.adventtikalenteri.fi\/myyjille\/myynti-kauppojen-edustalla\/#breadcrumb","itemListElement":[{"@type":"ListItem","position":1,"name":"Etusivu","item":"https:\/\/www.adventtikalenteri.fi\/myyjille\/"},{"@type":"ListItem","position":2,"name":"Myynti kauppojen edustalla"}]},{"@type":"WebSite","@id":"https:\/\/www.adventtikalenteri.fi\/myyjille\/#website","url":"https:\/\/www.adventtikalenteri.fi\/myyjille\/","name":"Ohjesivusto adventtikalenterin myyjille","description":"","potentialAction":[{"@type":"SearchAction","target":{"@type":"EntryPoint","urlTemplate":"https:\/\/www.adventtikalenteri.fi\/myyjille\/?s={search_term_string}"},"query-input":{"@type":"PropertyValueSpecification","valueRequired":true,"valueName":"search_term_string"}}],"inLanguage":"fi"}]}</script>
<!-- / Yoast SEO plugin. -->

Ruokakauppojen edustat ja aulatilat ovat hyviä paikkoja kalenterin myyntiin! Kaupoilla
