{"id":1466,"date":"2022-06-28T13:33:07","date_gmt":"2022-06-28T10:33:07","guid":{"rendered":"https:\/\/www.adventtikalenteri.fi\/myyjille\/?page_id=1466"},"modified":"2025-09-16T09:48:30","modified_gmt":"2025-09-16T06:48:30","slug":"tonttumerkit","status":"publish","type":"page","link":"https:\/\/www.adventtikalenteri.fi\/myyjille\/kampanjan-hallinta\/kampanjan-jalkeen\/tonttumerkit\/","title":{"rendered":"Tonttumerkit"},"content":{"rendered":"<p class=\"lead\">Tonttumerkki on jokaista myyj\u00e4\u00e4 kannustava palkinto. Lippukunnan joulukampanjap\u00e4\u00e4llik\u00f6n kannattaa ehdottomasti kertoa tonttumerkkien saantirajat kaikille kalentereita myyville partiolaisille ja heid\u00e4n huoltajilleen.<\/p>\n\n\n<h2 class=\"wp-block-heading\">Tilaa tonttumerkit<\/h2>\n\n\n\n<ul class=\"wp-block-list\">\n<li>Lopullisten myyntim\u00e4\u00e4rien selvitty\u00e4 voit my\u00f6s tilata tonttumerkit. Jokainen myyj\u00e4 saa yhden tonttumerkin sen mukaan, mink\u00e4 rajan myyntim\u00e4\u00e4r\u00e4 on ylitt\u00e4nyt.  <\/li>\n\n\n\n<li>Tilaa tonttumerkit viimeist\u00e4\u00e4n 11.12.<\/li>\n\n\n\n<li>Tonttumerkit voit tilata omalta piiritoimistoltasi. <a href=\"https:\/\/www.adventtikalenteri.fi\/myyjille\/kampanjan-hallinta\/tuki-kampanjapaallikolle\/kampanjan-yhteyshenkilot\/\">Katso piirisi adventtikalenterikampanjan yhteyshenkil\u00f6.<\/a><\/li>\n\n\n\n<li>Tonttumerkkidiplomit ja valokuvat ladattavissa <a href=\"https:\/\/partio.contenthub.fi\/ui\/shares\/f1263902\/4K7LAhx8y2\/fi\/\">materiaalipankista<\/a>.<\/li>\n<\/ul>\n\n\n\n<p><\/p>\n","protected":false},"excerpt":{"rendered":"<p>Tonttumerkki on jokaista myyj\u00e4\u00e4 kannustava palkinto. Lippukunnan joulukampanjap\u00e4\u00e4llik\u00f6n kannattaa ehdottomasti<\/p>\n","protected":false},"author":10,"featured_media":3830,"parent":240,"menu_order":4,"comment_status":"closed","ping_status":"closed","template":"","meta":{"_acf_changed":false,"_relevanssi_hide_post":"","_relevanssi_hide_content":"","_relevanssi_pin_for_all":"","_relevanssi_pin_keywords":"","_relevanssi_unpin_keywords":"","_relevanssi_related_keywords":"","_relevanssi_related_include_ids":"","_relevanssi_related_exclude_ids":"","_relevanssi_related_no_append":"","_relevanssi_related_not_related":"","_relevanssi_related_posts":"1072,417,870,1486,1230,1366","_relevanssi_noindex_reason":"","footnotes":""},"class_list":["post-1466","page","type-page","status-publish","has-post-thumbnail","hentry"],"acf":[],"yoast_head":"<!-- This site is optimized with the Yoast SEO plugin v27.3 - https:\/\/yoast.com\/product\/yoast-seo-wordpress\/ -->\n<title>Tonttumerkit - Ohjesivusto adventtikalenterin myyjille<\/title>\n<meta name=\"description\" content=\"Tonttumerkki on jokaista adventtikalentereita myyv\u00e4\u00e4 partiolaista kannustava palkinto! Katso t\u00e4\u00e4lt\u00e4 tonttumerkkien t\u00e4m\u00e4n vuoden saantirajat.\" \/>\n<meta name=\"robots\" content=\"index, follow, max-snippet:-1, max-image-preview:large, max-video-preview:-1\" \/>\n<link rel=\"canonical\" href=\"https:\/\/www.adventtikalenteri.fi\/myyjille\/kampanjan-hallinta\/kampanjan-jalkeen\/tonttumerkit\/\" \/>\n<meta property=\"og:locale\" content=\"fi_FI\" \/>\n<meta property=\"og:type\" content=\"article\" \/>\n<meta property=\"og:title\" content=\"Tonttumerkit - Ohjesivusto adventtikalenterin myyjille\" \/>\n<meta property=\"og:description\" content=\"Tonttumerkki on jokaista adventtikalentereita myyv\u00e4\u00e4 partiolaista kannustava palkinto! Katso t\u00e4\u00e4lt\u00e4 tonttumerkkien t\u00e4m\u00e4n vuoden saantirajat.\" \/>\n<meta property=\"og:url\" content=\"https:\/\/www.adventtikalenteri.fi\/myyjille\/kampanjan-hallinta\/kampanjan-jalkeen\/tonttumerkit\/\" \/>\n<meta property=\"og:site_name\" content=\"Ohjesivusto adventtikalenterin myyjille\" \/>\n<meta property=\"article:modified_time\" content=\"2025-09-16T06:48:30+00:00\" \/>\n<meta property=\"og:image\" content=\"https:\/\/www.adventtikalenteri.fi\/myyjille\/wp-content\/uploads\/sites\/2\/2025\/09\/20190926_tonttumerkit_SusannaOksanen_0114-scaled.jpg\" \/>\n\t<meta property=\"og:image:width\" content=\"2560\" \/>\n\t<meta property=\"og:image:height\" content=\"1707\" \/>\n\t<meta property=\"og:image:type\" content=\"image\/jpeg\" \/>\n<meta name=\"twitter:card\" content=\"summary_large_image\" \/>\n<meta name=\"twitter:label1\" content=\"Arvioitu lukuaika\" \/>\n\t<meta name=\"twitter:data1\" content=\"1 minuutti\" \/>\n<script type=\"application\/ld+json\" class=\"yoast-schema-graph\">{\"@context\":\"https:\\\/\\\/schema.org\",\"@graph\":[{\"@type\":\"WebPage\",\"@id\":\"https:\\\/\\\/www.adventtikalenteri.fi\\\/myyjille\\\/kampanjan-hallinta\\\/kampanjan-jalkeen\\\/tonttumerkit\\\/\",\"url\":\"https:\\\/\\\/www.adventtikalenteri.fi\\\/myyjille\\\/kampanjan-hallinta\\\/kampanjan-jalkeen\\\/tonttumerkit\\\/\",\"name\":\"Tonttumerkit - Ohjesivusto adventtikalenterin myyjille\",\"isPartOf\":{\"@id\":\"https:\\\/\\\/www.adventtikalenteri.fi\\\/myyjille\\\/#website\"},\"primaryImageOfPage\":{\"@id\":\"https:\\\/\\\/www.adventtikalenteri.fi\\\/myyjille\\\/kampanjan-hallinta\\\/kampanjan-jalkeen\\\/tonttumerkit\\\/#primaryimage\"},\"image\":{\"@id\":\"https:\\\/\\\/www.adventtikalenteri.fi\\\/myyjille\\\/kampanjan-hallinta\\\/kampanjan-jalkeen\\\/tonttumerkit\\\/#primaryimage\"},\"thumbnailUrl\":\"https:\\\/\\\/www.adventtikalenteri.fi\\\/myyjille\\\/wp-content\\\/uploads\\\/sites\\\/2\\\/2025\\\/09\\\/20190926_tonttumerkit_SusannaOksanen_0114-scaled.jpg\",\"datePublished\":\"2022-06-28T10:33:07+00:00\",\"dateModified\":\"2025-09-16T06:48:30+00:00\",\"description\":\"Tonttumerkki on jokaista adventtikalentereita myyv\u00e4\u00e4 partiolaista kannustava palkinto! Katso t\u00e4\u00e4lt\u00e4 tonttumerkkien t\u00e4m\u00e4n vuoden saantirajat.\",\"breadcrumb\":{\"@id\":\"https:\\\/\\\/www.adventtikalenteri.fi\\\/myyjille\\\/kampanjan-hallinta\\\/kampanjan-jalkeen\\\/tonttumerkit\\\/#breadcrumb\"},\"inLanguage\":\"fi\",\"potentialAction\":[{\"@type\":\"ReadAction\",\"target\":[\"https:\\\/\\\/www.adventtikalenteri.fi\\\/myyjille\\\/kampanjan-hallinta\\\/kampanjan-jalkeen\\\/tonttumerkit\\\/\"]}]},{\"@type\":\"ImageObject\",\"inLanguage\":\"fi\",\"@id\":\"https:\\\/\\\/www.adventtikalenteri.fi\\\/myyjille\\\/kampanjan-hallinta\\\/kampanjan-jalkeen\\\/tonttumerkit\\\/#primaryimage\",\"url\":\"https:\\\/\\\/www.adventtikalenteri.fi\\\/myyjille\\\/wp-content\\\/uploads\\\/sites\\\/2\\\/2025\\\/09\\\/20190926_tonttumerkit_SusannaOksanen_0114-scaled.jpg\",\"contentUrl\":\"https:\\\/\\\/www.adventtikalenteri.fi\\\/myyjille\\\/wp-content\\\/uploads\\\/sites\\\/2\\\/2025\\\/09\\\/20190926_tonttumerkit_SusannaOksanen_0114-scaled.jpg\",\"width\":2560,\"height\":1707,\"caption\":\"Partiopaidan hiha, jossa tonttumerkkej\u00e4\"},{\"@type\":\"BreadcrumbList\",\"@id\":\"https:\\\/\\\/www.adventtikalenteri.fi\\\/myyjille\\\/kampanjan-hallinta\\\/kampanjan-jalkeen\\\/tonttumerkit\\\/#breadcrumb\",\"itemListElement\":[{\"@type\":\"ListItem\",\"position\":1,\"name\":\"Etusivu\",\"item\":\"https:\\\/\\\/www.adventtikalenteri.fi\\\/myyjille\\\/\"},{\"@type\":\"ListItem\",\"position\":2,\"name\":\"Kampanjan hallinta\",\"item\":\"https:\\\/\\\/www.adventtikalenteri.fi\\\/myyjille\\\/kampanjan-hallinta\\\/\"},{\"@type\":\"ListItem\",\"position\":3,\"name\":\"Kampanjan j\u00e4lkeen\",\"item\":\"https:\\\/\\\/www.adventtikalenteri.fi\\\/myyjille\\\/kampanjan-hallinta\\\/kampanjan-jalkeen\\\/\"},{\"@type\":\"ListItem\",\"position\":4,\"name\":\"Tonttumerkit\"}]},{\"@type\":\"WebSite\",\"@id\":\"https:\\\/\\\/www.adventtikalenteri.fi\\\/myyjille\\\/#website\",\"url\":\"https:\\\/\\\/www.adventtikalenteri.fi\\\/myyjille\\\/\",\"name\":\"Ohjesivusto adventtikalenterin myyjille\",\"description\":\"\",\"potentialAction\":[{\"@type\":\"SearchAction\",\"target\":{\"@type\":\"EntryPoint\",\"urlTemplate\":\"https:\\\/\\\/www.adventtikalenteri.fi\\\/myyjille\\\/?s={search_term_string}\"},\"query-input\":{\"@type\":\"PropertyValueSpecification\",\"valueRequired\":true,\"valueName\":\"search_term_string\"}}],\"inLanguage\":\"fi\"}]}<\/script>\n<!-- \/ Yoast SEO plugin. -->","yoast_head_json":{"title":"Tonttumerkit - Ohjesivusto adventtikalenterin myyjille","description":"Tonttumerkki on jokaista adventtikalentereita myyv\u00e4\u00e4 partiolaista kannustava palkinto! Katso t\u00e4\u00e4lt\u00e4 tonttumerkkien t\u00e4m\u00e4n vuoden saantirajat.","robots":{"index":"index","follow":"follow","max-snippet":"max-snippet:-1","max-image-preview":"max-image-preview:large","max-video-preview":"max-video-preview:-1"},"canonical":"https:\/\/www.adventtikalenteri.fi\/myyjille\/kampanjan-hallinta\/kampanjan-jalkeen\/tonttumerkit\/","og_locale":"fi_FI","og_type":"article","og_title":"Tonttumerkit - Ohjesivusto adventtikalenterin myyjille","og_description":"Tonttumerkki on jokaista adventtikalentereita myyv\u00e4\u00e4 partiolaista kannustava palkinto! Katso t\u00e4\u00e4lt\u00e4 tonttumerkkien t\u00e4m\u00e4n vuoden saantirajat.","og_url":"https:\/\/www.adventtikalenteri.fi\/myyjille\/kampanjan-hallinta\/kampanjan-jalkeen\/tonttumerkit\/","og_site_name":"Ohjesivusto adventtikalenterin myyjille","article_modified_time":"2025-09-16T06:48:30+00:00","og_image":[{"width":2560,"height":1707,"url":"https:\/\/www.adventtikalenteri.fi\/myyjille\/wp-content\/uploads\/sites\/2\/2025\/09\/20190926_tonttumerkit_SusannaOksanen_0114-scaled.jpg","type":"image\/jpeg"}],"twitter_card":"summary_large_image","twitter_misc":{"Arvioitu lukuaika":"1 minuutti"},"schema":{"@context":"https:\/\/schema.org","@graph":[{"@type":"WebPage","@id":"https:\/\/www.adventtikalenteri.fi\/myyjille\/kampanjan-hallinta\/kampanjan-jalkeen\/tonttumerkit\/","url":"https:\/\/www.adventtikalenteri.fi\/myyjille\/kampanjan-hallinta\/kampanjan-jalkeen\/tonttumerkit\/","name":"Tonttumerkit - Ohjesivusto adventtikalenterin myyjille","isPartOf":{"@id":"https:\/\/www.adventtikalenteri.fi\/myyjille\/#website"},"primaryImageOfPage":{"@id":"https:\/\/www.adventtikalenteri.fi\/myyjille\/kampanjan-hallinta\/kampanjan-jalkeen\/tonttumerkit\/#primaryimage"},"image":{"@id":"https:\/\/www.adventtikalenteri.fi\/myyjille\/kampanjan-hallinta\/kampanjan-jalkeen\/tonttumerkit\/#primaryimage"},"thumbnailUrl":"https:\/\/www.adventtikalenteri.fi\/myyjille\/wp-content\/uploads\/sites\/2\/2025\/09\/20190926_tonttumerkit_SusannaOksanen_0114-scaled.jpg","datePublished":"2022-06-28T10:33:07+00:00","dateModified":"2025-09-16T06:48:30+00:00","description":"Tonttumerkki on jokaista adventtikalentereita myyv\u00e4\u00e4 partiolaista kannustava palkinto! Katso t\u00e4\u00e4lt\u00e4 tonttumerkkien t\u00e4m\u00e4n vuoden saantirajat.","breadcrumb":{"@id":"https:\/\/www.adventtikalenteri.fi\/myyjille\/kampanjan-hallinta\/kampanjan-jalkeen\/tonttumerkit\/#breadcrumb"},"inLanguage":"fi","potentialAction":[{"@type":"ReadAction","target":["https:\/\/www.adventtikalenteri.fi\/myyjille\/kampanjan-hallinta\/kampanjan-jalkeen\/tonttumerkit\/"]}]},{"@type":"ImageObject","inLanguage":"fi","@id":"https:\/\/www.adventtikalenteri.fi\/myyjille\/kampanjan-hallinta\/kampanjan-jalkeen\/tonttumerkit\/#primaryimage","url":"https:\/\/www.adventtikalenteri.fi\/myyjille\/wp-content\/uploads\/sites\/2\/2025\/09\/20190926_tonttumerkit_SusannaOksanen_0114-scaled.jpg","contentUrl":"https:\/\/www.adventtikalenteri.fi\/myyjille\/wp-content\/uploads\/sites\/2\/2025\/09\/20190926_tonttumerkit_SusannaOksanen_0114-scaled.jpg","width":2560,"height":1707,"caption":"Partiopaidan hiha, jossa tonttumerkkej\u00e4"},{"@type":"BreadcrumbList","@id":"https:\/\/www.adventtikalenteri.fi\/myyjille\/kampanjan-hallinta\/kampanjan-jalkeen\/tonttumerkit\/#breadcrumb","itemListElement":[{"@type":"ListItem","position":1,"name":"Etusivu","item":"https:\/\/www.adventtikalenteri.fi\/myyjille\/"},{"@type":"ListItem","position":2,"name":"Kampanjan hallinta","item":"https:\/\/www.adventtikalenteri.fi\/myyjille\/kampanjan-hallinta\/"},{"@type":"ListItem","position":3,"name":"Kampanjan j\u00e4lkeen","item":"https:\/\/www.adventtikalenteri.fi\/myyjille\/kampanjan-hallinta\/kampanjan-jalkeen\/"},{"@type":"ListItem","position":4,"name":"Tonttumerkit"}]},{"@type":"WebSite","@id":"https:\/\/www.adventtikalenteri.fi\/myyjille\/#website","url":"https:\/\/www.adventtikalenteri.fi\/myyjille\/","name":"Ohjesivusto adventtikalenterin myyjille","description":"","potentialAction":[{"@type":"SearchAction","target":{"@type":"EntryPoint","urlTemplate":"https:\/\/www.adventtikalenteri.fi\/myyjille\/?s={search_term_string}"},"query-input":{"@type":"PropertyValueSpecification","valueRequired":true,"valueName":"search_term_string"}}],"inLanguage":"fi"}]}},"_links":{"self":[{"href":"https:\/\/www.adventtikalenteri.fi\/myyjille\/wp-json\/wp\/v2\/pages\/1466","targetHints":{"allow":["GET"]}}],"collection":[{"href":"https:\/\/www.adventtikalenteri.fi\/myyjille\/wp-json\/wp\/v2\/pages"}],"about":[{"href":"https:\/\/www.adventtikalenteri.fi\/myyjille\/wp-json\/wp\/v2\/types\/page"}],"author":[{"embeddable":true,"href":"https:\/\/www.adventtikalenteri.fi\/myyjille\/wp-json\/wp\/v2\/users\/10"}],"replies":[{"embeddable":true,"href":"https:\/\/www.adventtikalenteri.fi\/myyjille\/wp-json\/wp\/v2\/comments?post=1466"}],"version-history":[{"count":14,"href":"https:\/\/www.adventtikalenteri.fi\/myyjille\/wp-json\/wp\/v2\/pages\/1466\/revisions"}],"predecessor-version":[{"id":3833,"href":"https:\/\/www.adventtikalenteri.fi\/myyjille\/wp-json\/wp\/v2\/pages\/1466\/revisions\/3833"}],"up":[{"embeddable":true,"href":"https:\/\/www.adventtikalenteri.fi\/myyjille\/wp-json\/wp\/v2\/pages\/240"}],"wp:featuredmedia":[{"embeddable":true,"href":"https:\/\/www.adventtikalenteri.fi\/myyjille\/wp-json\/wp\/v2\/media\/3830"}],"wp:attachment":[{"href":"https:\/\/www.adventtikalenteri.fi\/myyjille\/wp-json\/wp\/v2\/media?parent=1466"}],"curies":[{"name":"wp","href":"https:\/\/api.w.org\/{rel}","templated":true}]}}