{"id":236,"date":"2021-08-17T16:36:49","date_gmt":"2021-08-17T13:36:49","guid":{"rendered":"https:\/\/www.adventtikalenteri.fi\/myyjille\/?page_id=236"},"modified":"2025-09-30T18:50:34","modified_gmt":"2025-09-30T15:50:34","slug":"kampanjan-kaynnistaminen","status":"publish","type":"page","link":"https:\/\/www.adventtikalenteri.fi\/myyjille\/kampanjan-hallinta\/kampanjan-kaynnistaminen\/","title":{"rendered":"Kampanja k\u00e4yntiin"},"content":{"rendered":"\n<h1 class=\"wp-block-heading\">Kampanjan k\u00e4ynnist\u00e4minen syys-lokakuussa<\/h1>\n\n\n\n<p class=\"is-style-lead\">T\u00e4st\u00e4 osiosta l\u00f6yd\u00e4t k\u00e4yt\u00e4nn\u00f6n ohjeita, joiden avulla saat lippukuntasi myyntikampanjan vauhtiin.<\/p>\n\n\n\n<p>Aivan ensimm\u00e4iseksi on varmistettava, ett\u00e4 kampanjap\u00e4\u00e4llik\u00f6lle on merkitty joulukampanjap\u00e4\u00e4llik\u00f6n pesti <a href=\"https:\/\/kuksa.partio.fi\">Kuksaan<\/a>. T\u00e4m\u00e4n j\u00e4lkeen h\u00e4nell\u00e4 on oikeudet hallinnoida lippukunnan kampanjaa Kuksassa. Merkitse pesti Kuksaan 3.9. menness\u00e4, niin p\u00e4\u00e4llikk\u00f6 saa kaikki ohjeet alusta l\u00e4htien. Kampanjap\u00e4\u00e4llik\u00f6 saa postitse oppaan ja materiaaleja syyskuun alussa.<\/p>\n\n\n\n<p>Tukea kampanjap\u00e4\u00e4llik\u00f6n pestiin on tarjolla. <a href=\"https:\/\/www.adventtikalenteri.fi\/myyjille\/kampanjan-hallinta\/tuki-kampanjapaallikolle\/\">Lue lis\u00e4\u00e4<\/a><\/p>\n\n\n\n<p><\/p>\n\n\n\n<figure class=\"wp-block-embed is-type-video is-provider-youtube wp-block-embed-youtube wp-embed-aspect-16-9 wp-has-aspect-ratio\"><div class=\"wp-block-embed__wrapper\">\n<div class=\"oembed oembed-youtube\"><iframe loading=\"lazy\" title=\"Ajankohtaista 2025\" width=\"750\" height=\"422\" src=\"https:\/\/www.youtube.com\/embed\/W-9Dz6jG8Lw?feature=oembed\" frameborder=\"0\" allow=\"accelerometer; autoplay; clipboard-write; encrypted-media; gyroscope; picture-in-picture; web-share\" referrerpolicy=\"strict-origin-when-cross-origin\" allowfullscreen><\/iframe><\/div>\n<\/div><figcaption class=\"wp-element-caption\">Vuoden 2025 adventtikalenterikampanjan ajankohtaisia asioita.<a href=\"https:\/\/youtu.be\/W-9Dz6jG8Lw\"> Katso Youtubessa<\/a><\/figcaption><\/figure>\n\n\n\n<figure class=\"wp-block-embed is-type-video is-provider-youtube wp-block-embed-youtube wp-embed-aspect-16-9 wp-has-aspect-ratio\"><div class=\"wp-block-embed__wrapper\">\n<div class=\"oembed oembed-youtube\"><iframe loading=\"lazy\" title=\"Kampanja p\u00e4hkin\u00e4nkuoressa\" width=\"750\" height=\"422\" src=\"https:\/\/www.youtube.com\/embed\/6edDEMN5bY0?feature=oembed\" frameborder=\"0\" allow=\"accelerometer; autoplay; clipboard-write; encrypted-media; gyroscope; picture-in-picture; web-share\" referrerpolicy=\"strict-origin-when-cross-origin\" allowfullscreen><\/iframe><\/div>\n<\/div><figcaption class=\"wp-element-caption\">Kampanja p\u00e4hkin\u00e4nkuoressa. <a href=\"https:\/\/youtu.be\/6edDEMN5bY0\">Katso Youtubessa<\/a><\/figcaption><\/figure>\n\n\n\n<h2 class=\"wp-block-heading\">Tee kampanjasuunnitelma<\/h2>\n\n\n\n<p>Kampanjasuunnitelma sis\u00e4lt\u00e4\u00e4 kampanjan tavoitteet ja aikataulun. Suunnitelma auttaa keskittym\u00e4\u00e4n olennaiseen ja ennakoimaan tekemist\u00e4. <a href=\"https:\/\/youtu.be\/gKZolvPyn70\">Katso videokoulutus aiheesta<\/a>. Hy\u00f6dynn\u00e4 valmista pohjaa tai tee oma versiosi. <a href=\"https:\/\/www.adventtikalenteri.fi\/wp-content\/uploads\/2023\/08\/Joulukampanjasuunnitelmapohja.docx\">Lataa pohja muokattavaksi<\/a><\/p>\n\n\n\n<h2 class=\"wp-block-heading\">Aseta myyntitavoite<\/h2>\n\n\n\n<p>Miettik\u00e4\u00e4, mink\u00e4lainen tavoite olisi teid\u00e4n lippukuntanne tilanteelle sopivin! Parhaat lippukunnat myyv\u00e4t vuosittain yli 20 kalenteria j\u00e4sent\u00e4 kohti. Tavoite kannattaa kuitenkin pit\u00e4\u00e4 realistisena lippukuntanne aiempaan myyntiin n\u00e4hden. <a href=\"https:\/\/www.adventtikalenteri.fi\/myyjille\/kampanjan-hallinta\/kampanjan-kaynnistaminen\/tavoitteen-asettaminen\/\">Katso ohjeet t\u00e4st\u00e4!<\/a><\/p>\n\n\n\n<h2 class=\"wp-block-heading\">Tilaa kalenterit<\/h2>\n\n\n\n<p>Tilaa kalenterit Kuksan kautta ja sovi yhdess\u00e4 ryhm\u00e4njohtajien kanssa, miten hoidatte kalenterien jakamisen ryhmille. Tilausm\u00e4\u00e4r\u00e4\u00e4 arvioitaessa kannattaa k\u00e4ytt\u00e4\u00e4 l\u00e4ht\u00f6kohtana edellisvuosien myyntim\u00e4\u00e4ri\u00e4 \u2013 pienell\u00e4 kasvunvaralla tietenkin! <a href=\"https:\/\/www.adventtikalenteri.fi\/myyjille\/kampanjan-hallinta\/kampanjan-kaynnistaminen\/kuksa-tilausjarjestelman-kayttoohjeet\/kalenterien-tilaaminen\/\">Katso ohjeet t\u00e4st\u00e4!<\/a><\/p>\n\n\n\n<h2 class=\"wp-block-heading\">Tiedot verkkokauppaan<\/h2>\n\n\n\n<p>Jotta lippukunta voi saada osuutensa verkkokaupasta myydyist\u00e4 kalentereista, Kuksaan tulee merkit\u00e4 17.9. menness\u00e4 lippukunnan verkkokauppamyyntiin liittyvi\u00e4 tietoja. N\u00e4iden tietojen avulla lippukunnalle tilitet\u00e4\u00e4n lippukunnan osuus verkkokaupasta ostetuista adventtikalentereista. <a href=\"https:\/\/www.adventtikalenteri.fi\/myyjille\/kampanjan-hallinta\/kampanjan-kaynnistaminen\/lippukunnan-lisaaminen-verkkokauppaan\/\">Katso ohjeet t\u00e4st\u00e4!<\/a><\/p>\n\n\n\n<h2 class=\"wp-block-heading\">Perehdyt\u00e4 johtajisto ja huoltajat<\/h2>\n\n\n\n<p>Myynnin onnistumiseksi on hyvin t\u00e4rke\u00e4\u00e4, ett\u00e4 lippukunnan j\u00e4senet, ryhm\u00e4njohtajat ja partiolaisten huoltajat tiet\u00e4v\u00e4t mist\u00e4 on kyse ja mit\u00e4 heilt\u00e4 odotetaan. <a href=\"https:\/\/www.adventtikalenteri.fi\/myyjille\/ryhmanjohtajien-ja-huoltajien-ohjeistaminen\/\">Katso ohjeet t\u00e4st\u00e4!<\/a><\/p>\n\n\n\n<h2 class=\"wp-block-heading\">Jaa tietoa verkkokauppamyynnist\u00e4 lippukunnassa<\/h2>\n\n\n\n<p> T\u00e4n\u00e4 vuonna my\u00f6s verkkokaupan kautta voi ker\u00e4t\u00e4 henkil\u00f6kohtaista myyntisaldoja ja ker\u00e4t\u00e4 myyntipisteit\u00e4 tonttumerkkeihin. <a href=\"https:\/\/www.adventtikalenteri.fi\/myyjille\/myynti\/verkkokauppa-myyntikanavana\/henkilokohtaiset-myyntilinkit\/\">Lue lis\u00e4\u00e4 henkik\u00f6kohtaisista verkkokauppamyynneist\u00e4.<\/a><\/p>\n\n\n\n<h2 class=\"wp-block-heading\">Myyntipaikat n\u00e4kyviin!<\/h2>\n\n\n\n<p>Muista merkit\u00e4 tieto myynnist\u00e4 lippukunnan  verkkosivuille ja somekanaviin. Merkitse Kuksaan myyntipaikat, eli ne sijainnit miss\u00e4 teid\u00e4n lippukuntanne myy t\u00e4n\u00e4 vuonna adventtikalentereita. T\u00e4ll\u00f6in ne n\u00e4kyv\u00e4t <a href=\"https:\/\/www.adventtikalenteri.fi\/myyntipaikat\/\">adventtikalenteri.fi:n myyntipaikat-listalla<\/a>. N\u00e4in entist\u00e4 useampi kalenterin ostaja l\u00f6yt\u00e4\u00e4 lippukuntanne myyntipaikoille! <a href=\"https:\/\/www.adventtikalenteri.fi\/myyjille\/kampanjan-hallinta\/kampanjan-kaynnistaminen\/myyntipaikan-ilmoittaminen\/\">Katso ohjeet t\u00e4st\u00e4!<\/a><\/p>\n\n\n\n<h2 class=\"wp-block-heading\">Ota k\u00e4ytt\u00f6\u00f6n maksutavat<\/h2>\n\n\n\n<p>Varmista, ett\u00e4 lippukuntasi tarjoaa asiakkailleen mobiili- tai korttimaksumahdollisuutta. Pelk\u00e4n k\u00e4teismaksun tarjoaminen v\u00e4hent\u00e4\u00e4 myynti\u00e4 ja lis\u00e4\u00e4 rahank\u00e4sittelyyn liittyvi\u00e4 ongelmia. <a href=\"https:\/\/www.adventtikalenteri.fi\/myyjille\/myynti\/maksutavat\/\">Lue lis\u00e4\u00e4 eri maksutavoista<\/a><\/p>\n\n\n\n<h2 class=\"wp-block-heading\">Mieti markkinointi<\/h2>\n\n\n\n<p>Markkinoinnilla varmistat, ett\u00e4 tieto myynnist\u00e4 tavoittaa kaikki kiinnostuneet asiakkaat. <a href=\"https:\/\/www.adventtikalenteri.fi\/myyjille\/markkinointi-ja-viestinta\/\">Katso ohjeet t\u00e4st\u00e4!<\/a><\/p>\n\n\n\n<h2 class=\"wp-block-heading\">Suunnittele myyntitempaus!<\/h2>\n\n\n\n<p>J\u00e4rjest\u00e4k\u00e4\u00e4 myyntitapahtuma myyntitempausviikolla 10.-16.11.2025! <a href=\"https:\/\/www.adventtikalenteri.fi\/myyjille\/myynti\/myyntitempaukset\/\">Katso vinkit myyntitempauksiin<\/a><\/p>\n\n\n\n<p><\/p>\n\n\n\n<h3 class=\"wp-block-heading\"><a href=\"https:\/\/www.adventtikalenteri.fi\/myyjille\/kampanjan-hallinta\/kampanjan-aikana\/\">Lue seuraavaksi, mit\u00e4 kampanjap\u00e4\u00e4llik\u00f6n teht\u00e4viin kuuluu kampanjan aikana<\/a><\/h3>\n\n\n\n<p><\/p>\n","protected":false},"excerpt":{"rendered":"<p>Kampanjan k\u00e4ynnist\u00e4minen syys-lokakuussa T\u00e4st\u00e4 osiosta l\u00f6yd\u00e4t k\u00e4yt\u00e4nn\u00f6n ohjeita, joiden avulla<\/p>\n","protected":false},"author":10,"featured_media":3150,"parent":224,"menu_order":0,"comment_status":"closed","ping_status":"closed","template":"","meta":{"_acf_changed":false,"_relevanssi_hide_post":"","_relevanssi_hide_content":"","_relevanssi_pin_for_all":"","_relevanssi_pin_keywords":"","_relevanssi_unpin_keywords":"","_relevanssi_related_keywords":"","_relevanssi_related_include_ids":"","_relevanssi_related_exclude_ids":"","_relevanssi_related_no_append":"","_relevanssi_related_not_related":"","_relevanssi_related_posts":"1366,1072,870,1230,417,1486","_relevanssi_noindex_reason":"","footnotes":""},"class_list":["post-236","page","type-page","status-publish","has-post-thumbnail","hentry"],"acf":[],"yoast_head":"<!-- This site is optimized with the Yoast SEO plugin v27.3 - https:\/\/yoast.com\/product\/yoast-seo-wordpress\/ -->\n<title>Kampanja k\u00e4yntiin - Ohjesivusto adventtikalenterin myyjille<\/title>\n<meta name=\"robots\" content=\"index, follow, max-snippet:-1, max-image-preview:large, max-video-preview:-1\" \/>\n<link rel=\"canonical\" href=\"https:\/\/www.adventtikalenteri.fi\/myyjille\/kampanjan-hallinta\/kampanjan-kaynnistaminen\/\" \/>\n<meta property=\"og:locale\" content=\"fi_FI\" \/>\n<meta property=\"og:type\" content=\"article\" \/>\n<meta property=\"og:title\" content=\"Kampanja k\u00e4yntiin - Ohjesivusto adventtikalenterin myyjille\" \/>\n<meta property=\"og:description\" content=\"Kampanjan k\u00e4ynnist\u00e4minen syys-lokakuussa T\u00e4st\u00e4 osiosta l\u00f6yd\u00e4t k\u00e4yt\u00e4nn\u00f6n ohjeita, joiden avulla\" \/>\n<meta property=\"og:url\" content=\"https:\/\/www.adventtikalenteri.fi\/myyjille\/kampanjan-hallinta\/kampanjan-kaynnistaminen\/\" \/>\n<meta property=\"og:site_name\" content=\"Ohjesivusto adventtikalenterin myyjille\" \/>\n<meta property=\"article:modified_time\" content=\"2025-09-30T15:50:34+00:00\" \/>\n<meta property=\"og:image\" content=\"https:\/\/www.adventtikalenteri.fi\/myyjille\/wp-content\/uploads\/sites\/2\/2023\/08\/Adviskuvat-2023-Netta-Hautamaki-1200x630px.jpg\" \/>\n\t<meta property=\"og:image:width\" content=\"2500\" \/>\n\t<meta property=\"og:image:height\" content=\"1312\" \/>\n\t<meta property=\"og:image:type\" content=\"image\/jpeg\" \/>\n<meta name=\"twitter:card\" content=\"summary_large_image\" \/>\n<meta name=\"twitter:label1\" content=\"Arvioitu lukuaika\" \/>\n\t<meta name=\"twitter:data1\" content=\"3 minuuttia\" \/>\n<script type=\"application\/ld+json\" class=\"yoast-schema-graph\">{\"@context\":\"https:\\\/\\\/schema.org\",\"@graph\":[{\"@type\":\"WebPage\",\"@id\":\"https:\\\/\\\/www.adventtikalenteri.fi\\\/myyjille\\\/kampanjan-hallinta\\\/kampanjan-kaynnistaminen\\\/\",\"url\":\"https:\\\/\\\/www.adventtikalenteri.fi\\\/myyjille\\\/kampanjan-hallinta\\\/kampanjan-kaynnistaminen\\\/\",\"name\":\"Kampanja k\u00e4yntiin - Ohjesivusto adventtikalenterin myyjille\",\"isPartOf\":{\"@id\":\"https:\\\/\\\/www.adventtikalenteri.fi\\\/myyjille\\\/#website\"},\"primaryImageOfPage\":{\"@id\":\"https:\\\/\\\/www.adventtikalenteri.fi\\\/myyjille\\\/kampanjan-hallinta\\\/kampanjan-kaynnistaminen\\\/#primaryimage\"},\"image\":{\"@id\":\"https:\\\/\\\/www.adventtikalenteri.fi\\\/myyjille\\\/kampanjan-hallinta\\\/kampanjan-kaynnistaminen\\\/#primaryimage\"},\"thumbnailUrl\":\"https:\\\/\\\/www.adventtikalenteri.fi\\\/myyjille\\\/wp-content\\\/uploads\\\/sites\\\/2\\\/2024\\\/08\\\/Advis2024_NettaHautamaki_DSC_9864_2000px.jpg\",\"datePublished\":\"2021-08-17T13:36:49+00:00\",\"dateModified\":\"2025-09-30T15:50:34+00:00\",\"breadcrumb\":{\"@id\":\"https:\\\/\\\/www.adventtikalenteri.fi\\\/myyjille\\\/kampanjan-hallinta\\\/kampanjan-kaynnistaminen\\\/#breadcrumb\"},\"inLanguage\":\"fi\",\"potentialAction\":[{\"@type\":\"ReadAction\",\"target\":[\"https:\\\/\\\/www.adventtikalenteri.fi\\\/myyjille\\\/kampanjan-hallinta\\\/kampanjan-kaynnistaminen\\\/\"]}]},{\"@type\":\"ImageObject\",\"inLanguage\":\"fi\",\"@id\":\"https:\\\/\\\/www.adventtikalenteri.fi\\\/myyjille\\\/kampanjan-hallinta\\\/kampanjan-kaynnistaminen\\\/#primaryimage\",\"url\":\"https:\\\/\\\/www.adventtikalenteri.fi\\\/myyjille\\\/wp-content\\\/uploads\\\/sites\\\/2\\\/2024\\\/08\\\/Advis2024_NettaHautamaki_DSC_9864_2000px.jpg\",\"contentUrl\":\"https:\\\/\\\/www.adventtikalenteri.fi\\\/myyjille\\\/wp-content\\\/uploads\\\/sites\\\/2\\\/2024\\\/08\\\/Advis2024_NettaHautamaki_DSC_9864_2000px.jpg\",\"width\":2000,\"height\":1125},{\"@type\":\"BreadcrumbList\",\"@id\":\"https:\\\/\\\/www.adventtikalenteri.fi\\\/myyjille\\\/kampanjan-hallinta\\\/kampanjan-kaynnistaminen\\\/#breadcrumb\",\"itemListElement\":[{\"@type\":\"ListItem\",\"position\":1,\"name\":\"Etusivu\",\"item\":\"https:\\\/\\\/www.adventtikalenteri.fi\\\/myyjille\\\/\"},{\"@type\":\"ListItem\",\"position\":2,\"name\":\"Kampanjan hallinta\",\"item\":\"https:\\\/\\\/www.adventtikalenteri.fi\\\/myyjille\\\/kampanjan-hallinta\\\/\"},{\"@type\":\"ListItem\",\"position\":3,\"name\":\"Kampanja k\u00e4yntiin\"}]},{\"@type\":\"WebSite\",\"@id\":\"https:\\\/\\\/www.adventtikalenteri.fi\\\/myyjille\\\/#website\",\"url\":\"https:\\\/\\\/www.adventtikalenteri.fi\\\/myyjille\\\/\",\"name\":\"Ohjesivusto adventtikalenterin myyjille\",\"description\":\"\",\"potentialAction\":[{\"@type\":\"SearchAction\",\"target\":{\"@type\":\"EntryPoint\",\"urlTemplate\":\"https:\\\/\\\/www.adventtikalenteri.fi\\\/myyjille\\\/?s={search_term_string}\"},\"query-input\":{\"@type\":\"PropertyValueSpecification\",\"valueRequired\":true,\"valueName\":\"search_term_string\"}}],\"inLanguage\":\"fi\"}]}<\/script>\n<!-- \/ Yoast SEO plugin. -->","yoast_head_json":{"title":"Kampanja k\u00e4yntiin - Ohjesivusto adventtikalenterin myyjille","robots":{"index":"index","follow":"follow","max-snippet":"max-snippet:-1","max-image-preview":"max-image-preview:large","max-video-preview":"max-video-preview:-1"},"canonical":"https:\/\/www.adventtikalenteri.fi\/myyjille\/kampanjan-hallinta\/kampanjan-kaynnistaminen\/","og_locale":"fi_FI","og_type":"article","og_title":"Kampanja k\u00e4yntiin - Ohjesivusto adventtikalenterin myyjille","og_description":"Kampanjan k\u00e4ynnist\u00e4minen syys-lokakuussa T\u00e4st\u00e4 osiosta l\u00f6yd\u00e4t k\u00e4yt\u00e4nn\u00f6n ohjeita, joiden avulla","og_url":"https:\/\/www.adventtikalenteri.fi\/myyjille\/kampanjan-hallinta\/kampanjan-kaynnistaminen\/","og_site_name":"Ohjesivusto adventtikalenterin myyjille","article_modified_time":"2025-09-30T15:50:34+00:00","og_image":[{"width":2500,"height":1312,"url":"https:\/\/www.adventtikalenteri.fi\/myyjille\/wp-content\/uploads\/sites\/2\/2023\/08\/Adviskuvat-2023-Netta-Hautamaki-1200x630px.jpg","type":"image\/jpeg"}],"twitter_card":"summary_large_image","twitter_misc":{"Arvioitu lukuaika":"3 minuuttia"},"schema":{"@context":"https:\/\/schema.org","@graph":[{"@type":"WebPage","@id":"https:\/\/www.adventtikalenteri.fi\/myyjille\/kampanjan-hallinta\/kampanjan-kaynnistaminen\/","url":"https:\/\/www.adventtikalenteri.fi\/myyjille\/kampanjan-hallinta\/kampanjan-kaynnistaminen\/","name":"Kampanja k\u00e4yntiin - Ohjesivusto adventtikalenterin myyjille","isPartOf":{"@id":"https:\/\/www.adventtikalenteri.fi\/myyjille\/#website"},"primaryImageOfPage":{"@id":"https:\/\/www.adventtikalenteri.fi\/myyjille\/kampanjan-hallinta\/kampanjan-kaynnistaminen\/#primaryimage"},"image":{"@id":"https:\/\/www.adventtikalenteri.fi\/myyjille\/kampanjan-hallinta\/kampanjan-kaynnistaminen\/#primaryimage"},"thumbnailUrl":"https:\/\/www.adventtikalenteri.fi\/myyjille\/wp-content\/uploads\/sites\/2\/2024\/08\/Advis2024_NettaHautamaki_DSC_9864_2000px.jpg","datePublished":"2021-08-17T13:36:49+00:00","dateModified":"2025-09-30T15:50:34+00:00","breadcrumb":{"@id":"https:\/\/www.adventtikalenteri.fi\/myyjille\/kampanjan-hallinta\/kampanjan-kaynnistaminen\/#breadcrumb"},"inLanguage":"fi","potentialAction":[{"@type":"ReadAction","target":["https:\/\/www.adventtikalenteri.fi\/myyjille\/kampanjan-hallinta\/kampanjan-kaynnistaminen\/"]}]},{"@type":"ImageObject","inLanguage":"fi","@id":"https:\/\/www.adventtikalenteri.fi\/myyjille\/kampanjan-hallinta\/kampanjan-kaynnistaminen\/#primaryimage","url":"https:\/\/www.adventtikalenteri.fi\/myyjille\/wp-content\/uploads\/sites\/2\/2024\/08\/Advis2024_NettaHautamaki_DSC_9864_2000px.jpg","contentUrl":"https:\/\/www.adventtikalenteri.fi\/myyjille\/wp-content\/uploads\/sites\/2\/2024\/08\/Advis2024_NettaHautamaki_DSC_9864_2000px.jpg","width":2000,"height":1125},{"@type":"BreadcrumbList","@id":"https:\/\/www.adventtikalenteri.fi\/myyjille\/kampanjan-hallinta\/kampanjan-kaynnistaminen\/#breadcrumb","itemListElement":[{"@type":"ListItem","position":1,"name":"Etusivu","item":"https:\/\/www.adventtikalenteri.fi\/myyjille\/"},{"@type":"ListItem","position":2,"name":"Kampanjan hallinta","item":"https:\/\/www.adventtikalenteri.fi\/myyjille\/kampanjan-hallinta\/"},{"@type":"ListItem","position":3,"name":"Kampanja k\u00e4yntiin"}]},{"@type":"WebSite","@id":"https:\/\/www.adventtikalenteri.fi\/myyjille\/#website","url":"https:\/\/www.adventtikalenteri.fi\/myyjille\/","name":"Ohjesivusto adventtikalenterin myyjille","description":"","potentialAction":[{"@type":"SearchAction","target":{"@type":"EntryPoint","urlTemplate":"https:\/\/www.adventtikalenteri.fi\/myyjille\/?s={search_term_string}"},"query-input":{"@type":"PropertyValueSpecification","valueRequired":true,"valueName":"search_term_string"}}],"inLanguage":"fi"}]}},"_links":{"self":[{"href":"https:\/\/www.adventtikalenteri.fi\/myyjille\/wp-json\/wp\/v2\/pages\/236","targetHints":{"allow":["GET"]}}],"collection":[{"href":"https:\/\/www.adventtikalenteri.fi\/myyjille\/wp-json\/wp\/v2\/pages"}],"about":[{"href":"https:\/\/www.adventtikalenteri.fi\/myyjille\/wp-json\/wp\/v2\/types\/page"}],"author":[{"embeddable":true,"href":"https:\/\/www.adventtikalenteri.fi\/myyjille\/wp-json\/wp\/v2\/users\/10"}],"replies":[{"embeddable":true,"href":"https:\/\/www.adventtikalenteri.fi\/myyjille\/wp-json\/wp\/v2\/comments?post=236"}],"version-history":[{"count":15,"href":"https:\/\/www.adventtikalenteri.fi\/myyjille\/wp-json\/wp\/v2\/pages\/236\/revisions"}],"predecessor-version":[{"id":3897,"href":"https:\/\/www.adventtikalenteri.fi\/myyjille\/wp-json\/wp\/v2\/pages\/236\/revisions\/3897"}],"up":[{"embeddable":true,"href":"https:\/\/www.adventtikalenteri.fi\/myyjille\/wp-json\/wp\/v2\/pages\/224"}],"wp:featuredmedia":[{"embeddable":true,"href":"https:\/\/www.adventtikalenteri.fi\/myyjille\/wp-json\/wp\/v2\/media\/3150"}],"wp:attachment":[{"href":"https:\/\/www.adventtikalenteri.fi\/myyjille\/wp-json\/wp\/v2\/media?parent=236"}],"curies":[{"name":"wp","href":"https:\/\/api.w.org\/{rel}","templated":true}]}}