{"id":255,"date":"2021-08-24T13:04:48","date_gmt":"2021-08-24T10:04:48","guid":{"rendered":"https:\/\/www.adventtikalenteri.fi\/myyjille\/?page_id=255"},"modified":"2026-04-13T12:32:20","modified_gmt":"2026-04-13T09:32:20","slug":"verkkokauppa-myyntikanavana","status":"publish","type":"page","link":"https:\/\/www.adventtikalenteri.fi\/myyjille\/myynti\/verkkokauppa-myyntikanavana\/","title":{"rendered":"Verkkokauppa myyntikanavana"},"content":{"rendered":"\n<h1 class=\"wp-block-heading\">Verkkokaupasta lis\u00e4potkua lippukunnan adventtikalenterimyyntiin<\/h1>\n\n\n\n<p class=\"is-style-lead\">Adventtikalenterin oma verkkokauppa on erinomainen lis\u00e4 lippukunnan perinteisen myynnin tueksi.<\/p>\n\n\n\n<p>Kalentereita voi myyd\u00e4 verkkokaupasta henkil\u00f6kohtaisilla tai lippukunnan omalla verkkokauppalinkill\u00e4.<\/p>\n\n\n\n<ul class=\"wp-block-list\">\n<li><a href=\"https:\/\/www.adventtikalenteri.fi\/myyjille\/myynti\/verkkokauppa-myyntikanavana\/henkilokohtaiset-myyntilinkit\/\">Lis\u00e4\u00e4 tietoa henkil\u00f6kohtaisista linkeist\u00e4.<\/a><\/li>\n\n\n\n<li><a href=\"https:\/\/www.adventtikalenteri.fi\/myyjille\/myynti\/verkkokauppa-myyntikanavana\/lippukuntien-omat-myyntilinkit\/\">Lis\u00e4\u00e4 tietoa lippukunnan omasta linkist\u00e4.<\/a><\/li>\n<\/ul>\n\n\n\n<h2 class=\"wp-block-heading\">Verkkokauppamyynnist\u00e4 osuus my\u00f6s lippukunnille<\/h2>\n\n\n\n<ul class=\"wp-block-list\">\n<li>Ostaessaan kalenteria, ostaja voi <strong>kohdentaa lahjoituksensa haluamalleen lippukunnalle<\/strong>. <\/li>\n\n\n\n<li>Jos ostaja ei valitse lippukuntaa, lippukunnan osuus jaetaan toimitusosoitetta l\u00e4hinn\u00e4 oleville lippukunnille.<\/li>\n\n\n\n<li><strong>Kaikista verkkokaupan kautta myydyist\u00e4 kalentereista tilitet\u00e4\u00e4n kampanjan p\u00e4\u00e4tteeksi normaalit lippukuntaosuudet (5,59 \u20ac \/ kalenteri)<\/strong>. Suomen Partiolaiset tilitt\u00e4\u00e4 lippukunnalle kaikki verkkokaupan kautta ostetut adventtikalenterit, joiden tuotto on kohdennettu lippukunnalle, jos niiden yhteenlaskettu summa on v\u00e4hint\u00e4\u00e4n 10 euroa.<\/li>\n\n\n\n<li>Verkkokaupan lis\u00e4ksi sivustolla on <a href=\"https:\/\/www.adventtikalenteri.fi\/myyntipaikat\/\">myyntipaikkahaku<\/a>, jota adventtikalenterin ostajat k\u00e4ytt\u00e4v\u00e4t runsaasti. Kannattaa siis varmistaa, ett\u00e4 lippukuntanne n\u00e4kyy niin verkkokaupassa kuin myyntipaikkahaussakin seuraavien ohjeiden avulla.<\/li>\n<\/ul>\n\n\n\n<h2 class=\"wp-block-heading\">Tee seuraavat vaiheet verkkokauppamyyntinne varmistamiseksi:<\/h2>\n\n\n\n<ul class=\"wp-block-list\">\n<li>Lis\u00e4\u00e4 lippukunta verkkokauppaan:\n<ul class=\"wp-block-list\">\n<li>Ilman lippukunnan lis\u00e4\u00e4mist\u00e4 kauppaan, asiakas ei voi valita tukea teid\u00e4n lippukuntaanne. <\/li>\n\n\n\n<li>Katso ohjeet <a href=\"https:\/\/www.adventtikalenteri.fi\/myyjille\/kampanjan-hallinta\/kampanjan-kaynnistaminen\/lippukunnan-lisaaminen-verkkokauppaan\/\">lippukunnan lis\u00e4\u00e4miseksi verkkokauppaan<\/a>.<\/li>\n\n\n\n<li>Lippukunnan tiedot ilmestyv\u00e4t verkkokauppaan noin vuorokauden sis\u00e4ll\u00e4. Jos homma ei tahdo onnistua, ole yhteydess\u00e4 omaan piirity\u00f6ntekij\u00e4\u00e4si tai adventtikalenteri(a)partio.fi!<\/li>\n<\/ul>\n<\/li>\n\n\n\n<li>Ota k\u00e4ytt\u00f6\u00f6n lippukunnan oma myyntilinkki. Linkit l\u00f6ytyv\u00e4t t\u00e4m\u00e4n sivun alalaidasta.<\/li>\n\n\n\n<li>Hy\u00f6dynn\u00e4 my\u00f6s henkil\u00f6kohtaiset myyntilinkit. <a href=\"https:\/\/www.adventtikalenteri.fi\/myyjille\/myynti\/verkkokauppa-myyntikanavana\/henkilokohtaiset-myyntilinkit\/\">Lue lis\u00e4\u00e4 tietoa myyntilinkeist\u00e4<\/a>.<\/li>\n\n\n\n<li>Tutustu verkkokauppaan osoitteessa <a href=\"https:\/\/adventtikalenteri.fi\" target=\"_blank\" rel=\"noopener\">www.adventtikalenteri.fi<\/a>.<\/li>\n<\/ul>\n\n\n\n<h2 class=\"wp-block-heading\" data-cookieconsent='ignore' id=\"verkkokauppasomessa\">Mainosta verkkokauppalinkki\u00e4nne<\/h2>\n\n\n\n<ul class=\"wp-block-list\">\n<li>Verkkokauppaa mainostaessa kannattaa k\u00e4ytt\u00e4\u00e4 lippukuntanne omaa linkki\u00e4, jota k\u00e4ytt\u00e4m\u00e4ll\u00e4 ostettujen kalentereiden tuotto kohdistuu automaattisesti teid\u00e4n lippukunnallenne. Linkit l\u00f6ytyv\u00e4t t\u00e4m\u00e4n sivun alalaidasta.<\/li>\n\n\n\n<li>Valmiita somekuvia voit ladata <a href=\"https:\/\/partio.contenthub.fi\/ui\/shares\/f27238\/7TpXDBGnP7\/fi\/\">materiaalipankista<\/a><\/li>\n<\/ul>\n","protected":false},"excerpt":{"rendered":"<p>Verkkokaupasta lis\u00e4potkua lippukunnan adventtikalenterimyyntiin Adventtikalenterin oma verkkokauppa on erinomainen lis\u00e4<\/p>\n","protected":false},"author":10,"featured_media":768,"parent":226,"menu_order":0,"comment_status":"closed","ping_status":"closed","template":"","meta":{"_acf_changed":false,"_relevanssi_hide_post":"","_relevanssi_hide_content":"","_relevanssi_pin_for_all":"","_relevanssi_pin_keywords":"","_relevanssi_unpin_keywords":"","_relevanssi_related_keywords":"","_relevanssi_related_include_ids":"","_relevanssi_related_exclude_ids":"","_relevanssi_related_no_append":"","_relevanssi_related_not_related":"","_relevanssi_related_posts":"417,870,1159,1230,1979,1072","_relevanssi_noindex_reason":"","footnotes":""},"class_list":["post-255","page","type-page","status-publish","has-post-thumbnail","hentry"],"acf":[],"yoast_head":"<!-- This site is optimized with the Yoast SEO plugin v27.3 - https:\/\/yoast.com\/product\/yoast-seo-wordpress\/ -->\n<title>Verkkokauppa myyntikanavana - Ohjesivusto adventtikalenterin myyjille<\/title>\n<meta name=\"robots\" content=\"index, follow, max-snippet:-1, max-image-preview:large, max-video-preview:-1\" \/>\n<link rel=\"canonical\" href=\"https:\/\/www.adventtikalenteri.fi\/myyjille\/myynti\/verkkokauppa-myyntikanavana\/\" \/>\n<meta property=\"og:locale\" content=\"fi_FI\" \/>\n<meta property=\"og:type\" content=\"article\" \/>\n<meta property=\"og:title\" content=\"Verkkokauppa myyntikanavana - Ohjesivusto adventtikalenterin myyjille\" \/>\n<meta property=\"og:description\" content=\"Verkkokaupasta lis\u00e4potkua lippukunnan adventtikalenterimyyntiin Adventtikalenterin oma verkkokauppa on erinomainen lis\u00e4\" \/>\n<meta property=\"og:url\" content=\"https:\/\/www.adventtikalenteri.fi\/myyjille\/myynti\/verkkokauppa-myyntikanavana\/\" \/>\n<meta property=\"og:site_name\" content=\"Ohjesivusto adventtikalenterin myyjille\" \/>\n<meta property=\"article:modified_time\" content=\"2026-04-13T09:32:20+00:00\" \/>\n<meta property=\"og:image\" content=\"https:\/\/www.adventtikalenteri.fi\/myyjille\/wp-content\/uploads\/sites\/2\/2021\/09\/Adventtikalenteri2021_31201-scaled.jpg\" \/>\n\t<meta property=\"og:image:width\" content=\"2560\" \/>\n\t<meta property=\"og:image:height\" content=\"1709\" \/>\n\t<meta property=\"og:image:type\" content=\"image\/jpeg\" \/>\n<meta name=\"twitter:card\" content=\"summary_large_image\" \/>\n<meta name=\"twitter:label1\" content=\"Arvioitu lukuaika\" \/>\n\t<meta name=\"twitter:data1\" content=\"3 minuuttia\" \/>\n<script type=\"application\/ld+json\" class=\"yoast-schema-graph\">{\"@context\":\"https:\\\/\\\/schema.org\",\"@graph\":[{\"@type\":\"WebPage\",\"@id\":\"https:\\\/\\\/www.adventtikalenteri.fi\\\/myyjille\\\/myynti\\\/verkkokauppa-myyntikanavana\\\/\",\"url\":\"https:\\\/\\\/www.adventtikalenteri.fi\\\/myyjille\\\/myynti\\\/verkkokauppa-myyntikanavana\\\/\",\"name\":\"Verkkokauppa myyntikanavana - Ohjesivusto adventtikalenterin myyjille\",\"isPartOf\":{\"@id\":\"https:\\\/\\\/www.adventtikalenteri.fi\\\/myyjille\\\/#website\"},\"primaryImageOfPage\":{\"@id\":\"https:\\\/\\\/www.adventtikalenteri.fi\\\/myyjille\\\/myynti\\\/verkkokauppa-myyntikanavana\\\/#primaryimage\"},\"image\":{\"@id\":\"https:\\\/\\\/www.adventtikalenteri.fi\\\/myyjille\\\/myynti\\\/verkkokauppa-myyntikanavana\\\/#primaryimage\"},\"thumbnailUrl\":\"https:\\\/\\\/www.adventtikalenteri.fi\\\/myyjille\\\/wp-content\\\/uploads\\\/sites\\\/2\\\/2021\\\/09\\\/Adventtikalenteri2021_31201-scaled.jpg\",\"datePublished\":\"2021-08-24T10:04:48+00:00\",\"dateModified\":\"2026-04-13T09:32:20+00:00\",\"breadcrumb\":{\"@id\":\"https:\\\/\\\/www.adventtikalenteri.fi\\\/myyjille\\\/myynti\\\/verkkokauppa-myyntikanavana\\\/#breadcrumb\"},\"inLanguage\":\"fi\",\"potentialAction\":[{\"@type\":\"ReadAction\",\"target\":[\"https:\\\/\\\/www.adventtikalenteri.fi\\\/myyjille\\\/myynti\\\/verkkokauppa-myyntikanavana\\\/\"]}]},{\"@type\":\"ImageObject\",\"inLanguage\":\"fi\",\"@id\":\"https:\\\/\\\/www.adventtikalenteri.fi\\\/myyjille\\\/myynti\\\/verkkokauppa-myyntikanavana\\\/#primaryimage\",\"url\":\"https:\\\/\\\/www.adventtikalenteri.fi\\\/myyjille\\\/wp-content\\\/uploads\\\/sites\\\/2\\\/2021\\\/09\\\/Adventtikalenteri2021_31201-scaled.jpg\",\"contentUrl\":\"https:\\\/\\\/www.adventtikalenteri.fi\\\/myyjille\\\/wp-content\\\/uploads\\\/sites\\\/2\\\/2021\\\/09\\\/Adventtikalenteri2021_31201-scaled.jpg\",\"width\":2560,\"height\":1709,\"caption\":\"Merkitsetteh\u00e4n joulukampanjap\u00e4\u00e4llik\u00f6n pestin Kuksaan viimeist\u00e4\u00e4n 3.9. menness\u00e4. Ohje- ja markkinointimateriaalit l\u00e4hetet\u00e4\u00e4n syksyll\u00e4 kaikille tuohon menness\u00e4 merkityille kampanjap\u00e4\u00e4llik\u00f6ille kotiin.\"},{\"@type\":\"BreadcrumbList\",\"@id\":\"https:\\\/\\\/www.adventtikalenteri.fi\\\/myyjille\\\/myynti\\\/verkkokauppa-myyntikanavana\\\/#breadcrumb\",\"itemListElement\":[{\"@type\":\"ListItem\",\"position\":1,\"name\":\"Etusivu\",\"item\":\"https:\\\/\\\/www.adventtikalenteri.fi\\\/myyjille\\\/\"},{\"@type\":\"ListItem\",\"position\":2,\"name\":\"Myynti\",\"item\":\"https:\\\/\\\/www.adventtikalenteri.fi\\\/myyjille\\\/myynti\\\/\"},{\"@type\":\"ListItem\",\"position\":3,\"name\":\"Verkkokauppa myyntikanavana\"}]},{\"@type\":\"WebSite\",\"@id\":\"https:\\\/\\\/www.adventtikalenteri.fi\\\/myyjille\\\/#website\",\"url\":\"https:\\\/\\\/www.adventtikalenteri.fi\\\/myyjille\\\/\",\"name\":\"Ohjesivusto adventtikalenterin myyjille\",\"description\":\"\",\"potentialAction\":[{\"@type\":\"SearchAction\",\"target\":{\"@type\":\"EntryPoint\",\"urlTemplate\":\"https:\\\/\\\/www.adventtikalenteri.fi\\\/myyjille\\\/?s={search_term_string}\"},\"query-input\":{\"@type\":\"PropertyValueSpecification\",\"valueRequired\":true,\"valueName\":\"search_term_string\"}}],\"inLanguage\":\"fi\"}]}<\/script>\n<!-- \/ Yoast SEO plugin. -->","yoast_head_json":{"title":"Verkkokauppa myyntikanavana - Ohjesivusto adventtikalenterin myyjille","robots":{"index":"index","follow":"follow","max-snippet":"max-snippet:-1","max-image-preview":"max-image-preview:large","max-video-preview":"max-video-preview:-1"},"canonical":"https:\/\/www.adventtikalenteri.fi\/myyjille\/myynti\/verkkokauppa-myyntikanavana\/","og_locale":"fi_FI","og_type":"article","og_title":"Verkkokauppa myyntikanavana - Ohjesivusto adventtikalenterin myyjille","og_description":"Verkkokaupasta lis\u00e4potkua lippukunnan adventtikalenterimyyntiin Adventtikalenterin oma verkkokauppa on erinomainen lis\u00e4","og_url":"https:\/\/www.adventtikalenteri.fi\/myyjille\/myynti\/verkkokauppa-myyntikanavana\/","og_site_name":"Ohjesivusto adventtikalenterin myyjille","article_modified_time":"2026-04-13T09:32:20+00:00","og_image":[{"width":2560,"height":1709,"url":"https:\/\/www.adventtikalenteri.fi\/myyjille\/wp-content\/uploads\/sites\/2\/2021\/09\/Adventtikalenteri2021_31201-scaled.jpg","type":"image\/jpeg"}],"twitter_card":"summary_large_image","twitter_misc":{"Arvioitu lukuaika":"3 minuuttia"},"schema":{"@context":"https:\/\/schema.org","@graph":[{"@type":"WebPage","@id":"https:\/\/www.adventtikalenteri.fi\/myyjille\/myynti\/verkkokauppa-myyntikanavana\/","url":"https:\/\/www.adventtikalenteri.fi\/myyjille\/myynti\/verkkokauppa-myyntikanavana\/","name":"Verkkokauppa myyntikanavana - Ohjesivusto adventtikalenterin myyjille","isPartOf":{"@id":"https:\/\/www.adventtikalenteri.fi\/myyjille\/#website"},"primaryImageOfPage":{"@id":"https:\/\/www.adventtikalenteri.fi\/myyjille\/myynti\/verkkokauppa-myyntikanavana\/#primaryimage"},"image":{"@id":"https:\/\/www.adventtikalenteri.fi\/myyjille\/myynti\/verkkokauppa-myyntikanavana\/#primaryimage"},"thumbnailUrl":"https:\/\/www.adventtikalenteri.fi\/myyjille\/wp-content\/uploads\/sites\/2\/2021\/09\/Adventtikalenteri2021_31201-scaled.jpg","datePublished":"2021-08-24T10:04:48+00:00","dateModified":"2026-04-13T09:32:20+00:00","breadcrumb":{"@id":"https:\/\/www.adventtikalenteri.fi\/myyjille\/myynti\/verkkokauppa-myyntikanavana\/#breadcrumb"},"inLanguage":"fi","potentialAction":[{"@type":"ReadAction","target":["https:\/\/www.adventtikalenteri.fi\/myyjille\/myynti\/verkkokauppa-myyntikanavana\/"]}]},{"@type":"ImageObject","inLanguage":"fi","@id":"https:\/\/www.adventtikalenteri.fi\/myyjille\/myynti\/verkkokauppa-myyntikanavana\/#primaryimage","url":"https:\/\/www.adventtikalenteri.fi\/myyjille\/wp-content\/uploads\/sites\/2\/2021\/09\/Adventtikalenteri2021_31201-scaled.jpg","contentUrl":"https:\/\/www.adventtikalenteri.fi\/myyjille\/wp-content\/uploads\/sites\/2\/2021\/09\/Adventtikalenteri2021_31201-scaled.jpg","width":2560,"height":1709,"caption":"Merkitsetteh\u00e4n joulukampanjap\u00e4\u00e4llik\u00f6n pestin Kuksaan viimeist\u00e4\u00e4n 3.9. menness\u00e4. Ohje- ja markkinointimateriaalit l\u00e4hetet\u00e4\u00e4n syksyll\u00e4 kaikille tuohon menness\u00e4 merkityille kampanjap\u00e4\u00e4llik\u00f6ille kotiin."},{"@type":"BreadcrumbList","@id":"https:\/\/www.adventtikalenteri.fi\/myyjille\/myynti\/verkkokauppa-myyntikanavana\/#breadcrumb","itemListElement":[{"@type":"ListItem","position":1,"name":"Etusivu","item":"https:\/\/www.adventtikalenteri.fi\/myyjille\/"},{"@type":"ListItem","position":2,"name":"Myynti","item":"https:\/\/www.adventtikalenteri.fi\/myyjille\/myynti\/"},{"@type":"ListItem","position":3,"name":"Verkkokauppa myyntikanavana"}]},{"@type":"WebSite","@id":"https:\/\/www.adventtikalenteri.fi\/myyjille\/#website","url":"https:\/\/www.adventtikalenteri.fi\/myyjille\/","name":"Ohjesivusto adventtikalenterin myyjille","description":"","potentialAction":[{"@type":"SearchAction","target":{"@type":"EntryPoint","urlTemplate":"https:\/\/www.adventtikalenteri.fi\/myyjille\/?s={search_term_string}"},"query-input":{"@type":"PropertyValueSpecification","valueRequired":true,"valueName":"search_term_string"}}],"inLanguage":"fi"}]}},"_links":{"self":[{"href":"https:\/\/www.adventtikalenteri.fi\/myyjille\/wp-json\/wp\/v2\/pages\/255","targetHints":{"allow":["GET"]}}],"collection":[{"href":"https:\/\/www.adventtikalenteri.fi\/myyjille\/wp-json\/wp\/v2\/pages"}],"about":[{"href":"https:\/\/www.adventtikalenteri.fi\/myyjille\/wp-json\/wp\/v2\/types\/page"}],"author":[{"embeddable":true,"href":"https:\/\/www.adventtikalenteri.fi\/myyjille\/wp-json\/wp\/v2\/users\/10"}],"replies":[{"embeddable":true,"href":"https:\/\/www.adventtikalenteri.fi\/myyjille\/wp-json\/wp\/v2\/comments?post=255"}],"version-history":[{"count":15,"href":"https:\/\/www.adventtikalenteri.fi\/myyjille\/wp-json\/wp\/v2\/pages\/255\/revisions"}],"predecessor-version":[{"id":3932,"href":"https:\/\/www.adventtikalenteri.fi\/myyjille\/wp-json\/wp\/v2\/pages\/255\/revisions\/3932"}],"up":[{"embeddable":true,"href":"https:\/\/www.adventtikalenteri.fi\/myyjille\/wp-json\/wp\/v2\/pages\/226"}],"wp:featuredmedia":[{"embeddable":true,"href":"https:\/\/www.adventtikalenteri.fi\/myyjille\/wp-json\/wp\/v2\/media\/768"}],"wp:attachment":[{"href":"https:\/\/www.adventtikalenteri.fi\/myyjille\/wp-json\/wp\/v2\/media?parent=255"}],"curies":[{"name":"wp","href":"https:\/\/api.w.org\/{rel}","templated":true}]}}