{"id":259,"date":"2021-08-24T13:05:27","date_gmt":"2021-08-24T10:05:27","guid":{"rendered":"https:\/\/www.adventtikalenteri.fi\/myyjille\/?page_id=259"},"modified":"2025-10-16T15:27:36","modified_gmt":"2025-10-16T12:27:36","slug":"turvallinen-myynti","status":"publish","type":"page","link":"https:\/\/www.adventtikalenteri.fi\/myyjille\/myynti\/turvallinen-myynti\/","title":{"rendered":"Turvallinen myynti"},"content":{"rendered":"\n<h1 class=\"wp-block-heading\">Turvallisuus adventtikalenteria myydess\u00e4<\/h1>\n\n\n\n<p class=\"is-style-lead\">Adventtikalenterien myynniss\u00e4, kuten kaikissa partiotapahtumissa tulee noudattaa turvallisuutta.<\/p>\n\n\n\n<figure class=\"wp-block-embed is-type-video is-provider-youtube wp-block-embed-youtube wp-embed-aspect-16-9 wp-has-aspect-ratio\"><div class=\"wp-block-embed__wrapper\">\n<div class=\"oembed oembed-youtube\"><iframe loading=\"lazy\" title=\"Turvallisuus\" width=\"750\" height=\"422\" src=\"https:\/\/www.youtube.com\/embed\/3Krhxt8tLPk?feature=oembed\" frameborder=\"0\" allow=\"accelerometer; autoplay; clipboard-write; encrypted-media; gyroscope; picture-in-picture; web-share\" referrerpolicy=\"strict-origin-when-cross-origin\" allowfullscreen><\/iframe><\/div>\n<\/div><\/figure>\n\n\n\n<ul class=\"wp-block-list\">\n<li>Adventtikalenterien myyminen tapahtuu <strong>pareittain tai ryhmiss\u00e4<\/strong>.<\/li>\n\n\n\n<li>Ryhm\u00e4njohtajan tai muun aikuisen olisi hyv\u00e4 olla mukana myyntiretkill\u00e4 ja heill\u00e4 tulee aina olla <strong>tieto miss\u00e4 myyj\u00e4t liikkuvat<\/strong>. Mik\u00e4li hankaluuksia ilmenee, on ryhm\u00e4njohtaja l\u00e4hell\u00e4 ja valmis puuttumaan tilanteeseen.<\/li>\n\n\n\n<li>Jos myyntitilanteessa vastaan tulee <strong>uhkaavasti k\u00e4ytt\u00e4ytyvi\u00e4 henkil\u00f6it\u00e4<\/strong>, ensisijaisesti on hyv\u00e4 poistua paikalta. Tarvittaessa voi olla yhteydess\u00e4 h\u00e4t\u00e4numeroon.\u00a0<\/li>\n\n\n\n<li>Ennen myyntiin l\u00e4ht\u00f6\u00e4 tulee ryhm\u00e4l\u00e4isten kesken kerrata <strong>liikennes\u00e4\u00e4nn\u00f6t<\/strong>.<\/li>\n\n\n\n<li>Ulkona liikkuessa on oltava <strong>s\u00e4\u00e4nmukaisen vaatetuksen<\/strong> lis\u00e4ksi<strong> heijastin<\/strong> kiinnitettyn\u00e4 n\u00e4kyv\u00e4\u00e4n paikkaan.<\/li>\n\n\n\n<li>Myyt\u00e4ville kalentereille kannattaa varata sopiva <strong>kassi, jossa kalenterit pysyv\u00e4t myyntikuntoisina<\/strong> my\u00f6s m\u00e4r\u00e4ll\u00e4 s\u00e4\u00e4ll\u00e4.<\/li>\n\n\n\n<li>Turvallinen rahank\u00e4sittely on syyt\u00e4 huomioida: rahat s\u00e4ilytet\u00e4\u00e4n aina <strong>kukkarossa eik\u00e4 esimerkiksi taskun pohjalla<\/strong>. Isommat setelit vied\u00e4\u00e4n myyntitapahtumassa johtajille tai aikuisille.<\/li>\n<\/ul>\n\n\n\n<h2 class=\"wp-block-heading\">Turvallisuus ovelta ovelle -myynniss\u00e4<\/h2>\n\n\n\n<p>Oheisiin asioihin kannattaa kiinnitt\u00e4\u00e4 huomiota erityisesti ovelta ovelle -myynniss\u00e4. Samoja asioita kannattaa huomioida my\u00f6s muissa myyntikanavissa.<\/p>\n\n\n\n<ul class=\"wp-block-list\">\n<li>Ovelta ovelle -myynniss\u00e4 on hyv\u00e4 kunnioittaa ihmisten<strong> iltarauhaa<\/strong>, eik\u00e4 myynti\u00e4 kannata jatkaa pitk\u00e4lle iltaan.<\/li>\n\n\n\n<li>Myyj\u00e4t liikkuvat aina <strong>pareittain tai isommissa ryhmiss\u00e4<\/strong>.<\/li>\n\n\n\n<li>Johtajan tulee olla aina <strong>kuulomatkan p\u00e4\u00e4ss\u00e4<\/strong>. H\u00e4nen tulee tiet\u00e4\u00e4 tarkasti, miss\u00e4 lapset liikkuvat ja oltava valmiina tulemaan apuun ongelmatilanteissa.<\/li>\n\n\n\n<li>Varsinkin pienimmille partiolaisille on hyv\u00e4 <strong>ohjeistaa rahan k\u00e4sittely\u00e4<\/strong>. Ainakin olisi hyv\u00e4 tiet\u00e4\u00e4, miten annetaan takaisin mist\u00e4kin rahasta ja miten vaihtorahoja s\u00e4ilytet\u00e4\u00e4n. Kannattaa sopia, ett\u00e4 lapset toimittavat saadut rahat muutaman myyntitapahtuman j\u00e4lkeen johtajille.<\/li>\n\n\n\n<li><strong>Yhteiset vaihtorahat<\/strong> pysyv\u00e4t johtajalla parhaiten tallessa.<\/li>\n<\/ul>\n","protected":false},"excerpt":{"rendered":"<p>Turvallisuus adventtikalenteria myydess\u00e4 Adventtikalenterien myynniss\u00e4, kuten kaikissa partiotapahtumissa tulee noudattaa<\/p>\n","protected":false},"author":10,"featured_media":0,"parent":226,"menu_order":0,"comment_status":"closed","ping_status":"closed","template":"","meta":{"_acf_changed":false,"_relevanssi_hide_post":"","_relevanssi_hide_content":"","_relevanssi_pin_for_all":"","_relevanssi_pin_keywords":"","_relevanssi_unpin_keywords":"","_relevanssi_related_keywords":"","_relevanssi_related_include_ids":"","_relevanssi_related_exclude_ids":"","_relevanssi_related_no_append":"","_relevanssi_related_not_related":"","_relevanssi_related_posts":"1072,870,1366,1230,550,1486","_relevanssi_noindex_reason":"","footnotes":""},"class_list":["post-259","page","type-page","status-publish","hentry"],"acf":[],"yoast_head":"<!-- This site is optimized with the Yoast SEO plugin v27.1.1 - https:\/\/yoast.com\/product\/yoast-seo-wordpress\/ -->\n<title>Turvallinen myynti - Ohjesivusto adventtikalenterin myyjille<\/title>\n<meta name=\"robots\" content=\"index, follow, max-snippet:-1, max-image-preview:large, max-video-preview:-1\" \/>\n<link rel=\"canonical\" href=\"https:\/\/www.adventtikalenteri.fi\/myyjille\/myynti\/turvallinen-myynti\/\" \/>\n<meta property=\"og:locale\" content=\"fi_FI\" \/>\n<meta property=\"og:type\" content=\"article\" \/>\n<meta property=\"og:title\" content=\"Turvallinen myynti - Ohjesivusto adventtikalenterin myyjille\" \/>\n<meta property=\"og:description\" content=\"Turvallisuus adventtikalenteria myydess\u00e4 Adventtikalenterien myynniss\u00e4, kuten kaikissa partiotapahtumissa tulee noudattaa\" \/>\n<meta property=\"og:url\" content=\"https:\/\/www.adventtikalenteri.fi\/myyjille\/myynti\/turvallinen-myynti\/\" \/>\n<meta property=\"og:site_name\" content=\"Ohjesivusto adventtikalenterin myyjille\" \/>\n<meta property=\"article:modified_time\" content=\"2025-10-16T12:27:36+00:00\" \/>\n<meta property=\"og:image\" content=\"https:\/\/www.adventtikalenteri.fi\/myyjille\/wp-content\/uploads\/sites\/2\/2025\/08\/Adventtikalenteri25_NettaHautamaki_35.jpg\" \/>\n\t<meta property=\"og:image:width\" content=\"1500\" \/>\n\t<meta property=\"og:image:height\" content=\"1000\" \/>\n\t<meta property=\"og:image:type\" content=\"image\/jpeg\" \/>\n<meta name=\"twitter:card\" content=\"summary_large_image\" \/>\n<meta name=\"twitter:label1\" content=\"Arvioitu lukuaika\" \/>\n\t<meta name=\"twitter:data1\" content=\"2 minuuttia\" \/>\n<script type=\"application\/ld+json\" class=\"yoast-schema-graph\">{\"@context\":\"https:\/\/schema.org\",\"@graph\":[{\"@type\":\"WebPage\",\"@id\":\"https:\/\/www.adventtikalenteri.fi\/myyjille\/myynti\/turvallinen-myynti\/\",\"url\":\"https:\/\/www.adventtikalenteri.fi\/myyjille\/myynti\/turvallinen-myynti\/\",\"name\":\"Turvallinen myynti - Ohjesivusto adventtikalenterin myyjille\",\"isPartOf\":{\"@id\":\"https:\/\/www.adventtikalenteri.fi\/myyjille\/#website\"},\"datePublished\":\"2021-08-24T10:05:27+00:00\",\"dateModified\":\"2025-10-16T12:27:36+00:00\",\"breadcrumb\":{\"@id\":\"https:\/\/www.adventtikalenteri.fi\/myyjille\/myynti\/turvallinen-myynti\/#breadcrumb\"},\"inLanguage\":\"fi\",\"potentialAction\":[{\"@type\":\"ReadAction\",\"target\":[\"https:\/\/www.adventtikalenteri.fi\/myyjille\/myynti\/turvallinen-myynti\/\"]}]},{\"@type\":\"BreadcrumbList\",\"@id\":\"https:\/\/www.adventtikalenteri.fi\/myyjille\/myynti\/turvallinen-myynti\/#breadcrumb\",\"itemListElement\":[{\"@type\":\"ListItem\",\"position\":1,\"name\":\"Etusivu\",\"item\":\"https:\/\/www.adventtikalenteri.fi\/myyjille\/\"},{\"@type\":\"ListItem\",\"position\":2,\"name\":\"Myynti\",\"item\":\"https:\/\/www.adventtikalenteri.fi\/myyjille\/myynti\/\"},{\"@type\":\"ListItem\",\"position\":3,\"name\":\"Turvallinen myynti\"}]},{\"@type\":\"WebSite\",\"@id\":\"https:\/\/www.adventtikalenteri.fi\/myyjille\/#website\",\"url\":\"https:\/\/www.adventtikalenteri.fi\/myyjille\/\",\"name\":\"Ohjesivusto adventtikalenterin myyjille\",\"description\":\"\",\"potentialAction\":[{\"@type\":\"SearchAction\",\"target\":{\"@type\":\"EntryPoint\",\"urlTemplate\":\"https:\/\/www.adventtikalenteri.fi\/myyjille\/?s={search_term_string}\"},\"query-input\":{\"@type\":\"PropertyValueSpecification\",\"valueRequired\":true,\"valueName\":\"search_term_string\"}}],\"inLanguage\":\"fi\"}]}<\/script>\n<!-- \/ Yoast SEO plugin. -->","yoast_head_json":{"title":"Turvallinen myynti - Ohjesivusto adventtikalenterin myyjille","robots":{"index":"index","follow":"follow","max-snippet":"max-snippet:-1","max-image-preview":"max-image-preview:large","max-video-preview":"max-video-preview:-1"},"canonical":"https:\/\/www.adventtikalenteri.fi\/myyjille\/myynti\/turvallinen-myynti\/","og_locale":"fi_FI","og_type":"article","og_title":"Turvallinen myynti - Ohjesivusto adventtikalenterin myyjille","og_description":"Turvallisuus adventtikalenteria myydess\u00e4 Adventtikalenterien myynniss\u00e4, kuten kaikissa partiotapahtumissa tulee noudattaa","og_url":"https:\/\/www.adventtikalenteri.fi\/myyjille\/myynti\/turvallinen-myynti\/","og_site_name":"Ohjesivusto adventtikalenterin myyjille","article_modified_time":"2025-10-16T12:27:36+00:00","og_image":[{"width":1500,"height":1000,"url":"https:\/\/www.adventtikalenteri.fi\/myyjille\/wp-content\/uploads\/sites\/2\/2025\/08\/Adventtikalenteri25_NettaHautamaki_35.jpg","type":"image\/jpeg"}],"twitter_card":"summary_large_image","twitter_misc":{"Arvioitu lukuaika":"2 minuuttia"},"schema":{"@context":"https:\/\/schema.org","@graph":[{"@type":"WebPage","@id":"https:\/\/www.adventtikalenteri.fi\/myyjille\/myynti\/turvallinen-myynti\/","url":"https:\/\/www.adventtikalenteri.fi\/myyjille\/myynti\/turvallinen-myynti\/","name":"Turvallinen myynti - Ohjesivusto adventtikalenterin myyjille","isPartOf":{"@id":"https:\/\/www.adventtikalenteri.fi\/myyjille\/#website"},"datePublished":"2021-08-24T10:05:27+00:00","dateModified":"2025-10-16T12:27:36+00:00","breadcrumb":{"@id":"https:\/\/www.adventtikalenteri.fi\/myyjille\/myynti\/turvallinen-myynti\/#breadcrumb"},"inLanguage":"fi","potentialAction":[{"@type":"ReadAction","target":["https:\/\/www.adventtikalenteri.fi\/myyjille\/myynti\/turvallinen-myynti\/"]}]},{"@type":"BreadcrumbList","@id":"https:\/\/www.adventtikalenteri.fi\/myyjille\/myynti\/turvallinen-myynti\/#breadcrumb","itemListElement":[{"@type":"ListItem","position":1,"name":"Etusivu","item":"https:\/\/www.adventtikalenteri.fi\/myyjille\/"},{"@type":"ListItem","position":2,"name":"Myynti","item":"https:\/\/www.adventtikalenteri.fi\/myyjille\/myynti\/"},{"@type":"ListItem","position":3,"name":"Turvallinen myynti"}]},{"@type":"WebSite","@id":"https:\/\/www.adventtikalenteri.fi\/myyjille\/#website","url":"https:\/\/www.adventtikalenteri.fi\/myyjille\/","name":"Ohjesivusto adventtikalenterin myyjille","description":"","potentialAction":[{"@type":"SearchAction","target":{"@type":"EntryPoint","urlTemplate":"https:\/\/www.adventtikalenteri.fi\/myyjille\/?s={search_term_string}"},"query-input":{"@type":"PropertyValueSpecification","valueRequired":true,"valueName":"search_term_string"}}],"inLanguage":"fi"}]}},"_links":{"self":[{"href":"https:\/\/www.adventtikalenteri.fi\/myyjille\/wp-json\/wp\/v2\/pages\/259","targetHints":{"allow":["GET"]}}],"collection":[{"href":"https:\/\/www.adventtikalenteri.fi\/myyjille\/wp-json\/wp\/v2\/pages"}],"about":[{"href":"https:\/\/www.adventtikalenteri.fi\/myyjille\/wp-json\/wp\/v2\/types\/page"}],"author":[{"embeddable":true,"href":"https:\/\/www.adventtikalenteri.fi\/myyjille\/wp-json\/wp\/v2\/users\/10"}],"replies":[{"embeddable":true,"href":"https:\/\/www.adventtikalenteri.fi\/myyjille\/wp-json\/wp\/v2\/comments?post=259"}],"version-history":[{"count":13,"href":"https:\/\/www.adventtikalenteri.fi\/myyjille\/wp-json\/wp\/v2\/pages\/259\/revisions"}],"predecessor-version":[{"id":3923,"href":"https:\/\/www.adventtikalenteri.fi\/myyjille\/wp-json\/wp\/v2\/pages\/259\/revisions\/3923"}],"up":[{"embeddable":true,"href":"https:\/\/www.adventtikalenteri.fi\/myyjille\/wp-json\/wp\/v2\/pages\/226"}],"wp:attachment":[{"href":"https:\/\/www.adventtikalenteri.fi\/myyjille\/wp-json\/wp\/v2\/media?parent=259"}],"curies":[{"name":"wp","href":"https:\/\/api.w.org\/{rel}","templated":true}]}}