{"id":324,"date":"2021-08-25T11:13:41","date_gmt":"2021-08-25T08:13:41","guid":{"rendered":"https:\/\/www.adventtikalenteri.fi\/myyjille\/?page_id=324"},"modified":"2025-09-03T16:52:24","modified_gmt":"2025-09-03T13:52:24","slug":"sosiaalinen-media","status":"publish","type":"page","link":"https:\/\/www.adventtikalenteri.fi\/myyjille\/markkinointi-ja-viestinta\/sosiaalinen-media\/","title":{"rendered":"Sosiaalinen media"},"content":{"rendered":"<p class=\"lead\">Sosiaalisen median kanavia kannattaa hy\u00f6dynt\u00e4\u00e4 luovasti, kun markkinoit partiolaisten adventtikalenteria. Parasta somemarkkinointia ja -viestint\u00e4\u00e4 on teid\u00e4n lippukuntanne oman n\u00e4k\u00f6inen sis\u00e4lt\u00f6. Somessa voit my\u00f6s hy\u00f6dynt\u00e4\u00e4 valmiita adventtikalenterin markkinointikuvia ja tekstiehdotuksia tai itse ottamianne kuvia ja videoita.<\/p>\n<ul>\n<li>Omien somekanavienne lis\u00e4ksi kannattaa hy\u00f6dynt\u00e4\u00e4 my\u00f6s paikkakuntien valmiita someryhmi\u00e4. Niiss\u00e4 viestinne tavoittavat paremmin mahdollisia kalenterin ostajia.<\/li>\n<li>Voit lis\u00e4t\u00e4 somepostauksiisi<a href=\"https:\/\/www.adventtikalenteri.fi\/myyjille\/myynti\/verkkokauppa-myyntikanavana\/lippukuntien-omat-myyntilinkit\/\"> lippukuntasi oman myyntilinkin adventtikalenterin verkkokauppaan.<\/a> Lippukuntanne linkki\u00e4 k\u00e4ytt\u00e4ess\u00e4\u00e4n asiakas osoittaa tukensa juuri teid\u00e4n lippukunnallenne.<\/li>\n<li>Tunnisteina voitte k\u00e4ytt\u00e4\u00e4 esimerkiksi #adventtikalenteri, #partiolaistenadventtikalenteri, ja #partioscout. Kalenteriin liittyvien somep\u00e4ivityksien yhteydess\u00e4 voi k\u00e4ytt\u00e4\u00e4 my\u00f6s muita jouluun liittyvi\u00e4 hashtageja, kuten esimerkiksi #joulukalenteri ja #joulu2025.<\/li>\n<\/ul>\n","protected":false},"excerpt":{"rendered":"<p>Sosiaalisen median kanavia kannattaa hy\u00f6dynt\u00e4\u00e4 luovasti, kun markkinoit partiolaisten adventtikalenteria.<\/p>\n","protected":false},"author":10,"featured_media":1706,"parent":228,"menu_order":0,"comment_status":"closed","ping_status":"closed","template":"","meta":{"_acf_changed":false,"_relevanssi_hide_post":"","_relevanssi_hide_content":"","_relevanssi_pin_for_all":"","_relevanssi_pin_keywords":"","_relevanssi_unpin_keywords":"","_relevanssi_related_keywords":"","_relevanssi_related_include_ids":"","_relevanssi_related_exclude_ids":"","_relevanssi_related_no_append":"","_relevanssi_related_not_related":"","_relevanssi_related_posts":"1072,1230,1366,1687,870,550","_relevanssi_noindex_reason":"","footnotes":""},"class_list":["post-324","page","type-page","status-publish","has-post-thumbnail","hentry"],"acf":[],"yoast_head":"<!-- This site is optimized with the Yoast SEO plugin v27.3 - https:\/\/yoast.com\/product\/yoast-seo-wordpress\/ -->\n<title>Sosiaalinen media - Ohjesivusto adventtikalenterin myyjille<\/title>\n<meta name=\"description\" content=\"Somemarkkinoinnissa voitte hy\u00f6dynt\u00e4\u00e4 valmiita adventtikalenterin markkinointikuvia ja tekstiehdotuksia tai itse ottamianne kuvia ja videoita!\" \/>\n<meta name=\"robots\" content=\"index, follow, max-snippet:-1, max-image-preview:large, max-video-preview:-1\" \/>\n<link rel=\"canonical\" href=\"https:\/\/www.adventtikalenteri.fi\/myyjille\/markkinointi-ja-viestinta\/sosiaalinen-media\/\" \/>\n<meta property=\"og:locale\" content=\"fi_FI\" \/>\n<meta property=\"og:type\" content=\"article\" \/>\n<meta property=\"og:title\" content=\"Sosiaalinen media - Ohjesivusto adventtikalenterin myyjille\" \/>\n<meta property=\"og:description\" content=\"Somemarkkinoinnissa voitte hy\u00f6dynt\u00e4\u00e4 valmiita adventtikalenterin markkinointikuvia ja tekstiehdotuksia tai itse ottamianne kuvia ja videoita!\" \/>\n<meta property=\"og:url\" content=\"https:\/\/www.adventtikalenteri.fi\/myyjille\/markkinointi-ja-viestinta\/sosiaalinen-media\/\" \/>\n<meta property=\"og:site_name\" content=\"Ohjesivusto adventtikalenterin myyjille\" \/>\n<meta property=\"article:modified_time\" content=\"2025-09-03T13:52:24+00:00\" \/>\n<meta property=\"og:image\" content=\"https:\/\/www.adventtikalenteri.fi\/myyjille\/wp-content\/uploads\/sites\/2\/2022\/09\/AD5D8E1-scaled.jpe\" \/>\n\t<meta property=\"og:image:width\" content=\"2560\" \/>\n\t<meta property=\"og:image:height\" content=\"1246\" \/>\n\t<meta property=\"og:image:type\" content=\"image\/jpeg\" \/>\n<meta name=\"twitter:card\" content=\"summary_large_image\" \/>\n<meta name=\"twitter:label1\" content=\"Arvioitu lukuaika\" \/>\n\t<meta name=\"twitter:data1\" content=\"5 minuuttia\" \/>\n<script type=\"application\/ld+json\" class=\"yoast-schema-graph\">{\"@context\":\"https:\\\/\\\/schema.org\",\"@graph\":[{\"@type\":\"WebPage\",\"@id\":\"https:\\\/\\\/www.adventtikalenteri.fi\\\/myyjille\\\/markkinointi-ja-viestinta\\\/sosiaalinen-media\\\/\",\"url\":\"https:\\\/\\\/www.adventtikalenteri.fi\\\/myyjille\\\/markkinointi-ja-viestinta\\\/sosiaalinen-media\\\/\",\"name\":\"Sosiaalinen media - Ohjesivusto adventtikalenterin myyjille\",\"isPartOf\":{\"@id\":\"https:\\\/\\\/www.adventtikalenteri.fi\\\/myyjille\\\/#website\"},\"primaryImageOfPage\":{\"@id\":\"https:\\\/\\\/www.adventtikalenteri.fi\\\/myyjille\\\/markkinointi-ja-viestinta\\\/sosiaalinen-media\\\/#primaryimage\"},\"image\":{\"@id\":\"https:\\\/\\\/www.adventtikalenteri.fi\\\/myyjille\\\/markkinointi-ja-viestinta\\\/sosiaalinen-media\\\/#primaryimage\"},\"thumbnailUrl\":\"https:\\\/\\\/www.adventtikalenteri.fi\\\/myyjille\\\/wp-content\\\/uploads\\\/sites\\\/2\\\/2022\\\/09\\\/AD5D8E1-scaled.jpe\",\"datePublished\":\"2021-08-25T08:13:41+00:00\",\"dateModified\":\"2025-09-03T13:52:24+00:00\",\"description\":\"Somemarkkinoinnissa voitte hy\u00f6dynt\u00e4\u00e4 valmiita adventtikalenterin markkinointikuvia ja tekstiehdotuksia tai itse ottamianne kuvia ja videoita!\",\"breadcrumb\":{\"@id\":\"https:\\\/\\\/www.adventtikalenteri.fi\\\/myyjille\\\/markkinointi-ja-viestinta\\\/sosiaalinen-media\\\/#breadcrumb\"},\"inLanguage\":\"fi\",\"potentialAction\":[{\"@type\":\"ReadAction\",\"target\":[\"https:\\\/\\\/www.adventtikalenteri.fi\\\/myyjille\\\/markkinointi-ja-viestinta\\\/sosiaalinen-media\\\/\"]}]},{\"@type\":\"ImageObject\",\"inLanguage\":\"fi\",\"@id\":\"https:\\\/\\\/www.adventtikalenteri.fi\\\/myyjille\\\/markkinointi-ja-viestinta\\\/sosiaalinen-media\\\/#primaryimage\",\"url\":\"https:\\\/\\\/www.adventtikalenteri.fi\\\/myyjille\\\/wp-content\\\/uploads\\\/sites\\\/2\\\/2022\\\/09\\\/AD5D8E1-scaled.jpe\",\"contentUrl\":\"https:\\\/\\\/www.adventtikalenteri.fi\\\/myyjille\\\/wp-content\\\/uploads\\\/sites\\\/2\\\/2022\\\/09\\\/AD5D8E1-scaled.jpe\",\"width\":2560,\"height\":1246,\"caption\":\"Partiolaiset adventtikalenterien mainosbanderollin kanssa\"},{\"@type\":\"BreadcrumbList\",\"@id\":\"https:\\\/\\\/www.adventtikalenteri.fi\\\/myyjille\\\/markkinointi-ja-viestinta\\\/sosiaalinen-media\\\/#breadcrumb\",\"itemListElement\":[{\"@type\":\"ListItem\",\"position\":1,\"name\":\"Etusivu\",\"item\":\"https:\\\/\\\/www.adventtikalenteri.fi\\\/myyjille\\\/\"},{\"@type\":\"ListItem\",\"position\":2,\"name\":\"Markkinointi ja viestint\u00e4\",\"item\":\"https:\\\/\\\/www.adventtikalenteri.fi\\\/myyjille\\\/markkinointi-ja-viestinta\\\/\"},{\"@type\":\"ListItem\",\"position\":3,\"name\":\"Sosiaalinen media\"}]},{\"@type\":\"WebSite\",\"@id\":\"https:\\\/\\\/www.adventtikalenteri.fi\\\/myyjille\\\/#website\",\"url\":\"https:\\\/\\\/www.adventtikalenteri.fi\\\/myyjille\\\/\",\"name\":\"Ohjesivusto adventtikalenterin myyjille\",\"description\":\"\",\"potentialAction\":[{\"@type\":\"SearchAction\",\"target\":{\"@type\":\"EntryPoint\",\"urlTemplate\":\"https:\\\/\\\/www.adventtikalenteri.fi\\\/myyjille\\\/?s={search_term_string}\"},\"query-input\":{\"@type\":\"PropertyValueSpecification\",\"valueRequired\":true,\"valueName\":\"search_term_string\"}}],\"inLanguage\":\"fi\"}]}<\/script>\n<!-- \/ Yoast SEO plugin. -->","yoast_head_json":{"title":"Sosiaalinen media - Ohjesivusto adventtikalenterin myyjille","description":"Somemarkkinoinnissa voitte hy\u00f6dynt\u00e4\u00e4 valmiita adventtikalenterin markkinointikuvia ja tekstiehdotuksia tai itse ottamianne kuvia ja videoita!","robots":{"index":"index","follow":"follow","max-snippet":"max-snippet:-1","max-image-preview":"max-image-preview:large","max-video-preview":"max-video-preview:-1"},"canonical":"https:\/\/www.adventtikalenteri.fi\/myyjille\/markkinointi-ja-viestinta\/sosiaalinen-media\/","og_locale":"fi_FI","og_type":"article","og_title":"Sosiaalinen media - Ohjesivusto adventtikalenterin myyjille","og_description":"Somemarkkinoinnissa voitte hy\u00f6dynt\u00e4\u00e4 valmiita adventtikalenterin markkinointikuvia ja tekstiehdotuksia tai itse ottamianne kuvia ja videoita!","og_url":"https:\/\/www.adventtikalenteri.fi\/myyjille\/markkinointi-ja-viestinta\/sosiaalinen-media\/","og_site_name":"Ohjesivusto adventtikalenterin myyjille","article_modified_time":"2025-09-03T13:52:24+00:00","og_image":[{"width":2560,"height":1246,"url":"https:\/\/www.adventtikalenteri.fi\/myyjille\/wp-content\/uploads\/sites\/2\/2022\/09\/AD5D8E1-scaled.jpe","type":"image\/jpeg"}],"twitter_card":"summary_large_image","twitter_misc":{"Arvioitu lukuaika":"5 minuuttia"},"schema":{"@context":"https:\/\/schema.org","@graph":[{"@type":"WebPage","@id":"https:\/\/www.adventtikalenteri.fi\/myyjille\/markkinointi-ja-viestinta\/sosiaalinen-media\/","url":"https:\/\/www.adventtikalenteri.fi\/myyjille\/markkinointi-ja-viestinta\/sosiaalinen-media\/","name":"Sosiaalinen media - Ohjesivusto adventtikalenterin myyjille","isPartOf":{"@id":"https:\/\/www.adventtikalenteri.fi\/myyjille\/#website"},"primaryImageOfPage":{"@id":"https:\/\/www.adventtikalenteri.fi\/myyjille\/markkinointi-ja-viestinta\/sosiaalinen-media\/#primaryimage"},"image":{"@id":"https:\/\/www.adventtikalenteri.fi\/myyjille\/markkinointi-ja-viestinta\/sosiaalinen-media\/#primaryimage"},"thumbnailUrl":"https:\/\/www.adventtikalenteri.fi\/myyjille\/wp-content\/uploads\/sites\/2\/2022\/09\/AD5D8E1-scaled.jpe","datePublished":"2021-08-25T08:13:41+00:00","dateModified":"2025-09-03T13:52:24+00:00","description":"Somemarkkinoinnissa voitte hy\u00f6dynt\u00e4\u00e4 valmiita adventtikalenterin markkinointikuvia ja tekstiehdotuksia tai itse ottamianne kuvia ja videoita!","breadcrumb":{"@id":"https:\/\/www.adventtikalenteri.fi\/myyjille\/markkinointi-ja-viestinta\/sosiaalinen-media\/#breadcrumb"},"inLanguage":"fi","potentialAction":[{"@type":"ReadAction","target":["https:\/\/www.adventtikalenteri.fi\/myyjille\/markkinointi-ja-viestinta\/sosiaalinen-media\/"]}]},{"@type":"ImageObject","inLanguage":"fi","@id":"https:\/\/www.adventtikalenteri.fi\/myyjille\/markkinointi-ja-viestinta\/sosiaalinen-media\/#primaryimage","url":"https:\/\/www.adventtikalenteri.fi\/myyjille\/wp-content\/uploads\/sites\/2\/2022\/09\/AD5D8E1-scaled.jpe","contentUrl":"https:\/\/www.adventtikalenteri.fi\/myyjille\/wp-content\/uploads\/sites\/2\/2022\/09\/AD5D8E1-scaled.jpe","width":2560,"height":1246,"caption":"Partiolaiset adventtikalenterien mainosbanderollin kanssa"},{"@type":"BreadcrumbList","@id":"https:\/\/www.adventtikalenteri.fi\/myyjille\/markkinointi-ja-viestinta\/sosiaalinen-media\/#breadcrumb","itemListElement":[{"@type":"ListItem","position":1,"name":"Etusivu","item":"https:\/\/www.adventtikalenteri.fi\/myyjille\/"},{"@type":"ListItem","position":2,"name":"Markkinointi ja viestint\u00e4","item":"https:\/\/www.adventtikalenteri.fi\/myyjille\/markkinointi-ja-viestinta\/"},{"@type":"ListItem","position":3,"name":"Sosiaalinen media"}]},{"@type":"WebSite","@id":"https:\/\/www.adventtikalenteri.fi\/myyjille\/#website","url":"https:\/\/www.adventtikalenteri.fi\/myyjille\/","name":"Ohjesivusto adventtikalenterin myyjille","description":"","potentialAction":[{"@type":"SearchAction","target":{"@type":"EntryPoint","urlTemplate":"https:\/\/www.adventtikalenteri.fi\/myyjille\/?s={search_term_string}"},"query-input":{"@type":"PropertyValueSpecification","valueRequired":true,"valueName":"search_term_string"}}],"inLanguage":"fi"}]}},"_links":{"self":[{"href":"https:\/\/www.adventtikalenteri.fi\/myyjille\/wp-json\/wp\/v2\/pages\/324","targetHints":{"allow":["GET"]}}],"collection":[{"href":"https:\/\/www.adventtikalenteri.fi\/myyjille\/wp-json\/wp\/v2\/pages"}],"about":[{"href":"https:\/\/www.adventtikalenteri.fi\/myyjille\/wp-json\/wp\/v2\/types\/page"}],"author":[{"embeddable":true,"href":"https:\/\/www.adventtikalenteri.fi\/myyjille\/wp-json\/wp\/v2\/users\/10"}],"replies":[{"embeddable":true,"href":"https:\/\/www.adventtikalenteri.fi\/myyjille\/wp-json\/wp\/v2\/comments?post=324"}],"version-history":[{"count":15,"href":"https:\/\/www.adventtikalenteri.fi\/myyjille\/wp-json\/wp\/v2\/pages\/324\/revisions"}],"predecessor-version":[{"id":3752,"href":"https:\/\/www.adventtikalenteri.fi\/myyjille\/wp-json\/wp\/v2\/pages\/324\/revisions\/3752"}],"up":[{"embeddable":true,"href":"https:\/\/www.adventtikalenteri.fi\/myyjille\/wp-json\/wp\/v2\/pages\/228"}],"wp:featuredmedia":[{"embeddable":true,"href":"https:\/\/www.adventtikalenteri.fi\/myyjille\/wp-json\/wp\/v2\/media\/1706"}],"wp:attachment":[{"href":"https:\/\/www.adventtikalenteri.fi\/myyjille\/wp-json\/wp\/v2\/media?parent=324"}],"curies":[{"name":"wp","href":"https:\/\/api.w.org\/{rel}","templated":true}]}}

<p class="lead">Sosiaalisen median kanavia kannattaa hyödyntää luovasti, kun markkinoit partiolaisten adventtikalenteria. Parasta somemarkkinointia ja -viestintää on teidän lippukuntanne oman näköinen sisältö. Somessa voit myös hyödyntää valmiita adventtikalenterin markkinointikuvia ja tekstiehdotuksia tai itse ottamianne kuvia ja videoita.</p>
<ul>
<li>Omien somekanavienne lisäksi kannattaa hyödyntää myös paikkakuntien valmiita someryhmiä. Niissä viestinne tavoittavat paremmin mahdollisia kalenterin ostajia.</li>
<li>Voit lisätä somepostauksiisi<a href="https://www.adventtikalenteri.fi/myyjille/myynti/verkkokauppa-myyntikanavana/lippukuntien-omat-myyntilinkit/"> lippukuntasi oman myyntilinkin adventtikalenterin verkkokauppaan.</a> Lippukuntanne linkkiä käyttäessään asiakas osoittaa tukensa juuri teidän lippukunnallenne.</li>
<li>Tunnisteina voitte käyttää esimerkiksi #adventtikalenteri, #partiolaistenadventtikalenteri, ja #partioscout. Kalenteriin liittyvien somepäivityksien yhteydessä voi käyttää myös muita jouluun liittyviä hashtageja, kuten esimerkiksi #joulukalenteri ja #joulu2025.</li>
</ul>

<p>Sosiaalisen median kanavia kannattaa hyödyntää luovasti, kun markkinoit partiolaisten adventtikalenteria.</p>

<!-- This site is optimized with the Yoast SEO plugin v27.3 - https://yoast.com/product/yoast-seo-wordpress/ -->
<title>Sosiaalinen media - Ohjesivusto adventtikalenterin myyjille</title>
<meta name="description" content="Somemarkkinoinnissa voitte hyödyntää valmiita adventtikalenterin markkinointikuvia ja tekstiehdotuksia tai itse ottamianne kuvia ja videoita!" />
<meta name="robots" content="index, follow, max-snippet:-1, max-image-preview:large, max-video-preview:-1" />
<link rel="canonical" href="https://www.adventtikalenteri.fi/myyjille/markkinointi-ja-viestinta/sosiaalinen-media/" />
<meta property="og:locale" content="fi_FI" />
<meta property="og:type" content="article" />
<meta property="og:title" content="Sosiaalinen media - Ohjesivusto adventtikalenterin myyjille" />
<meta property="og:description" content="Somemarkkinoinnissa voitte hyödyntää valmiita adventtikalenterin markkinointikuvia ja tekstiehdotuksia tai itse ottamianne kuvia ja videoita!" />
<meta property="og:url" content="https://www.adventtikalenteri.fi/myyjille/markkinointi-ja-viestinta/sosiaalinen-media/" />
<meta property="og:site_name" content="Ohjesivusto adventtikalenterin myyjille" />
<meta property="article:modified_time" content="2025-09-03T13:52:24+00:00" />
<meta property="og:image" content="https://www.adventtikalenteri.fi/myyjille/wp-content/uploads/sites/2/2022/09/AD5D8E1-scaled.jpe" />
	<meta property="og:image:width" content="2560" />
	<meta property="og:image:height" content="1246" />
	<meta property="og:image:type" content="image/jpeg" />
<meta name="twitter:card" content="summary_large_image" />
<meta name="twitter:label1" content="Arvioitu lukuaika" />
	<meta name="twitter:data1" content="5 minuuttia" />
<script type="application/ld+json" class="yoast-schema-graph">{"@context":"https:\/\/schema.org","@graph":[{"@type":"WebPage","@id":"https:\/\/www.adventtikalenteri.fi\/myyjille\/markkinointi-ja-viestinta\/sosiaalinen-media\/","url":"https:\/\/www.adventtikalenteri.fi\/myyjille\/markkinointi-ja-viestinta\/sosiaalinen-media\/","name":"Sosiaalinen media - Ohjesivusto adventtikalenterin myyjille","isPartOf":{"@id":"https:\/\/www.adventtikalenteri.fi\/myyjille\/#website"},"primaryImageOfPage":{"@id":"https:\/\/www.adventtikalenteri.fi\/myyjille\/markkinointi-ja-viestinta\/sosiaalinen-media\/#primaryimage"},"image":{"@id":"https:\/\/www.adventtikalenteri.fi\/myyjille\/markkinointi-ja-viestinta\/sosiaalinen-media\/#primaryimage"},"thumbnailUrl":"https:\/\/www.adventtikalenteri.fi\/myyjille\/wp-content\/uploads\/sites\/2\/2022\/09\/AD5D8E1-scaled.jpe","datePublished":"2021-08-25T08:13:41+00:00","dateModified":"2025-09-03T13:52:24+00:00","description":"Somemarkkinoinnissa voitte hyödyntää valmiita adventtikalenterin markkinointikuvia ja tekstiehdotuksia tai itse ottamianne kuvia ja videoita!","breadcrumb":{"@id":"https:\/\/www.adventtikalenteri.fi\/myyjille\/markkinointi-ja-viestinta\/sosiaalinen-media\/#breadcrumb"},"inLanguage":"fi","potentialAction":[{"@type":"ReadAction","target":["https:\/\/www.adventtikalenteri.fi\/myyjille\/markkinointi-ja-viestinta\/sosiaalinen-media\/"]}]},{"@type":"ImageObject","inLanguage":"fi","@id":"https:\/\/www.adventtikalenteri.fi\/myyjille\/markkinointi-ja-viestinta\/sosiaalinen-media\/#primaryimage","url":"https:\/\/www.adventtikalenteri.fi\/myyjille\/wp-content\/uploads\/sites\/2\/2022\/09\/AD5D8E1-scaled.jpe","contentUrl":"https:\/\/www.adventtikalenteri.fi\/myyjille\/wp-content\/uploads\/sites\/2\/2022\/09\/AD5D8E1-scaled.jpe","width":2560,"height":1246,"caption":"Partiolaiset adventtikalenterien mainosbanderollin kanssa"},{"@type":"BreadcrumbList","@id":"https:\/\/www.adventtikalenteri.fi\/myyjille\/markkinointi-ja-viestinta\/sosiaalinen-media\/#breadcrumb","itemListElement":[{"@type":"ListItem","position":1,"name":"Etusivu","item":"https:\/\/www.adventtikalenteri.fi\/myyjille\/"},{"@type":"ListItem","position":2,"name":"Markkinointi ja viestintä","item":"https:\/\/www.adventtikalenteri.fi\/myyjille\/markkinointi-ja-viestinta\/"},{"@type":"ListItem","position":3,"name":"Sosiaalinen media"}]},{"@type":"WebSite","@id":"https:\/\/www.adventtikalenteri.fi\/myyjille\/#website","url":"https:\/\/www.adventtikalenteri.fi\/myyjille\/","name":"Ohjesivusto adventtikalenterin myyjille","description":"","potentialAction":[{"@type":"SearchAction","target":{"@type":"EntryPoint","urlTemplate":"https:\/\/www.adventtikalenteri.fi\/myyjille\/?s={search_term_string}"},"query-input":{"@type":"PropertyValueSpecification","valueRequired":true,"valueName":"search_term_string"}}],"inLanguage":"fi"}]}</script>
<!-- / Yoast SEO plugin. -->

Somemarkkinoinnissa voitte hyödyntää valmiita adventtikalenterin markkinointikuvia ja tekstiehdotuksia tai itse ottamianne kuvia ja videoita!

Markkinointi ja viestintä
