{"id":578,"date":"2021-08-31T15:43:03","date_gmt":"2021-08-31T12:43:03","guid":{"rendered":"https:\/\/www.adventtikalenteri.fi\/myyjille\/?page_id=578"},"modified":"2024-08-28T16:18:43","modified_gmt":"2024-08-28T13:18:43","slug":"sahkoiset-osaamismerkit","status":"publish","type":"page","link":"https:\/\/www.adventtikalenteri.fi\/myyjille\/kampanjan-hallinta\/kampanjan-jalkeen\/sahkoiset-osaamismerkit\/","title":{"rendered":"S\u00e4hk\u00f6iset osaamismerkit"},"content":{"rendered":"\n<h1 class=\"wp-block-heading\">S\u00e4hk\u00f6inen osaamismerkki konkretisoi kampanjan vet\u00e4misess\u00e4 saavutetun osaamisen<\/h1>\n\n\n\n<p class=\"is-style-lead\">Kampanjap\u00e4\u00e4llik\u00f6n teht\u00e4v\u00e4ss\u00e4 vaaditaan muun muassa projektinhallintataitoja, talousosaamista ja tietenkin otetta varsinaiseen myyntity\u00f6h\u00f6n. N\u00e4m\u00e4 ovat kaikki olennaisia varainhankinnan osa-alueita. Kampanjan loputtua kampanjap\u00e4\u00e4llikk\u00f6 voi hakea s\u00e4hk\u00f6ist\u00e4 osaamismerkki\u00e4, joka konkretisoi kampanjan vet\u00e4misess\u00e4 vaadittavaa osaamista.<\/p>\n\n\n\n<figure class=\"wp-block-embed is-type-video is-provider-youtube wp-block-embed-youtube wp-embed-aspect-16-9 wp-has-aspect-ratio\"><div class=\"wp-block-embed__wrapper\">\n<div class=\"oembed oembed-youtube\"><iframe loading=\"lazy\" title=\"Osaamismerkki\" width=\"750\" height=\"422\" src=\"https:\/\/www.youtube.com\/embed\/puox55xLSpg?feature=oembed\" frameborder=\"0\" allow=\"accelerometer; autoplay; clipboard-write; encrypted-media; gyroscope; picture-in-picture; web-share\" referrerpolicy=\"strict-origin-when-cross-origin\" allowfullscreen><\/iframe><\/div>\n<\/div><\/figure>\n\n\n\n<h2 class=\"wp-block-heading\">Mik\u00e4 on s\u00e4hk\u00f6inen osaamismerkki?<\/h2>\n\n\n\n<p>S\u00e4hk\u00f6isell\u00e4 osaamismerkill\u00e4 tuodaan esiin tietoja, taitoja, osaamista ja saavutuksia. Osaamismerkki koostuu kuvasta ja merkkiin liitetyist\u00e4 tiedoista, joita ovat merkin kuvaus, merkin saamiskriteerit, my\u00f6nt\u00e4j\u00e4n tiedot sek\u00e4 merkin voimassaoloaika. Osaamismerkkiin on mahdollistaa liitt\u00e4\u00e4 my\u00f6s todisteita osaamisesta, jotka osoittavat, mill\u00e4 osaamisella\/n\u00e4yt\u00f6ill\u00e4 merkin saaja on sen ansainnut. Merkin voi liitt\u00e4\u00e4 esimerkiksi s\u00e4hk\u00f6iseen CV:hen tai jakaa sosiaalisessa mediassa.<\/p>\n\n\n\n<p>Tutustu tarkemmin <a href=\"https:\/\/www.partio.fi\/partiolaiselle\/jasenpalvelut\/osaamismerkit\/\" target=\"_blank\" rel=\"noopener\">partiossa my\u00f6nnett\u00e4viin osaamismerkkeihin<\/a>.<\/p>\n\n\n\n<p>&nbsp;<\/p>\n","protected":false},"excerpt":{"rendered":"<p>S\u00e4hk\u00f6inen osaamismerkki konkretisoi kampanjan vet\u00e4misess\u00e4 saavutetun osaamisen Kampanjap\u00e4\u00e4llik\u00f6n teht\u00e4v\u00e4ss\u00e4 vaaditaan<\/p>\n","protected":false},"author":9,"featured_media":0,"parent":240,"menu_order":0,"comment_status":"closed","ping_status":"closed","template":"","meta":{"_acf_changed":false,"_relevanssi_hide_post":"","_relevanssi_hide_content":"","_relevanssi_pin_for_all":"","_relevanssi_pin_keywords":"","_relevanssi_unpin_keywords":"","_relevanssi_related_keywords":"","_relevanssi_related_include_ids":"","_relevanssi_related_exclude_ids":"","_relevanssi_related_no_append":"","_relevanssi_related_not_related":"","_relevanssi_related_posts":"1366,1884,550,1159,2730,870","_relevanssi_noindex_reason":"","footnotes":""},"class_list":["post-578","page","type-page","status-publish","hentry"],"acf":[],"yoast_head":"<!-- This site is optimized with the Yoast SEO plugin v27.3 - https:\/\/yoast.com\/product\/yoast-seo-wordpress\/ -->\n<title>S\u00e4hk\u00f6iset osaamismerkit - Ohjesivusto adventtikalenterin myyjille<\/title>\n<meta name=\"robots\" content=\"index, follow, max-snippet:-1, max-image-preview:large, max-video-preview:-1\" \/>\n<link rel=\"canonical\" href=\"https:\/\/www.adventtikalenteri.fi\/myyjille\/kampanjan-hallinta\/kampanjan-jalkeen\/sahkoiset-osaamismerkit\/\" \/>\n<meta property=\"og:locale\" content=\"fi_FI\" \/>\n<meta property=\"og:type\" content=\"article\" \/>\n<meta property=\"og:title\" content=\"S\u00e4hk\u00f6iset osaamismerkit - Ohjesivusto adventtikalenterin myyjille\" \/>\n<meta property=\"og:description\" content=\"S\u00e4hk\u00f6inen osaamismerkki konkretisoi kampanjan vet\u00e4misess\u00e4 saavutetun osaamisen Kampanjap\u00e4\u00e4llik\u00f6n teht\u00e4v\u00e4ss\u00e4 vaaditaan\" \/>\n<meta property=\"og:url\" content=\"https:\/\/www.adventtikalenteri.fi\/myyjille\/kampanjan-hallinta\/kampanjan-jalkeen\/sahkoiset-osaamismerkit\/\" \/>\n<meta property=\"og:site_name\" content=\"Ohjesivusto adventtikalenterin myyjille\" \/>\n<meta property=\"article:modified_time\" content=\"2024-08-28T13:18:43+00:00\" \/>\n<meta property=\"og:image\" content=\"https:\/\/www.adventtikalenteri.fi\/myyjille\/wp-content\/uploads\/sites\/2\/2025\/08\/Adventtikalenteri25_NettaHautamaki_35.jpg\" \/>\n\t<meta property=\"og:image:width\" content=\"1500\" \/>\n\t<meta property=\"og:image:height\" content=\"1000\" \/>\n\t<meta property=\"og:image:type\" content=\"image\/jpeg\" \/>\n<meta name=\"twitter:card\" content=\"summary_large_image\" \/>\n<meta name=\"twitter:label1\" content=\"Arvioitu lukuaika\" \/>\n\t<meta name=\"twitter:data1\" content=\"1 minuutti\" \/>\n<script type=\"application\/ld+json\" class=\"yoast-schema-graph\">{\"@context\":\"https:\\\/\\\/schema.org\",\"@graph\":[{\"@type\":\"WebPage\",\"@id\":\"https:\\\/\\\/www.adventtikalenteri.fi\\\/myyjille\\\/kampanjan-hallinta\\\/kampanjan-jalkeen\\\/sahkoiset-osaamismerkit\\\/\",\"url\":\"https:\\\/\\\/www.adventtikalenteri.fi\\\/myyjille\\\/kampanjan-hallinta\\\/kampanjan-jalkeen\\\/sahkoiset-osaamismerkit\\\/\",\"name\":\"S\u00e4hk\u00f6iset osaamismerkit - Ohjesivusto adventtikalenterin myyjille\",\"isPartOf\":{\"@id\":\"https:\\\/\\\/www.adventtikalenteri.fi\\\/myyjille\\\/#website\"},\"datePublished\":\"2021-08-31T12:43:03+00:00\",\"dateModified\":\"2024-08-28T13:18:43+00:00\",\"breadcrumb\":{\"@id\":\"https:\\\/\\\/www.adventtikalenteri.fi\\\/myyjille\\\/kampanjan-hallinta\\\/kampanjan-jalkeen\\\/sahkoiset-osaamismerkit\\\/#breadcrumb\"},\"inLanguage\":\"fi\",\"potentialAction\":[{\"@type\":\"ReadAction\",\"target\":[\"https:\\\/\\\/www.adventtikalenteri.fi\\\/myyjille\\\/kampanjan-hallinta\\\/kampanjan-jalkeen\\\/sahkoiset-osaamismerkit\\\/\"]}]},{\"@type\":\"BreadcrumbList\",\"@id\":\"https:\\\/\\\/www.adventtikalenteri.fi\\\/myyjille\\\/kampanjan-hallinta\\\/kampanjan-jalkeen\\\/sahkoiset-osaamismerkit\\\/#breadcrumb\",\"itemListElement\":[{\"@type\":\"ListItem\",\"position\":1,\"name\":\"Etusivu\",\"item\":\"https:\\\/\\\/www.adventtikalenteri.fi\\\/myyjille\\\/\"},{\"@type\":\"ListItem\",\"position\":2,\"name\":\"Kampanjan hallinta\",\"item\":\"https:\\\/\\\/www.adventtikalenteri.fi\\\/myyjille\\\/kampanjan-hallinta\\\/\"},{\"@type\":\"ListItem\",\"position\":3,\"name\":\"Kampanjan j\u00e4lkeen\",\"item\":\"https:\\\/\\\/www.adventtikalenteri.fi\\\/myyjille\\\/kampanjan-hallinta\\\/kampanjan-jalkeen\\\/\"},{\"@type\":\"ListItem\",\"position\":4,\"name\":\"S\u00e4hk\u00f6iset osaamismerkit\"}]},{\"@type\":\"WebSite\",\"@id\":\"https:\\\/\\\/www.adventtikalenteri.fi\\\/myyjille\\\/#website\",\"url\":\"https:\\\/\\\/www.adventtikalenteri.fi\\\/myyjille\\\/\",\"name\":\"Ohjesivusto adventtikalenterin myyjille\",\"description\":\"\",\"potentialAction\":[{\"@type\":\"SearchAction\",\"target\":{\"@type\":\"EntryPoint\",\"urlTemplate\":\"https:\\\/\\\/www.adventtikalenteri.fi\\\/myyjille\\\/?s={search_term_string}\"},\"query-input\":{\"@type\":\"PropertyValueSpecification\",\"valueRequired\":true,\"valueName\":\"search_term_string\"}}],\"inLanguage\":\"fi\"}]}<\/script>\n<!-- \/ Yoast SEO plugin. -->","yoast_head_json":{"title":"S\u00e4hk\u00f6iset osaamismerkit - Ohjesivusto adventtikalenterin myyjille","robots":{"index":"index","follow":"follow","max-snippet":"max-snippet:-1","max-image-preview":"max-image-preview:large","max-video-preview":"max-video-preview:-1"},"canonical":"https:\/\/www.adventtikalenteri.fi\/myyjille\/kampanjan-hallinta\/kampanjan-jalkeen\/sahkoiset-osaamismerkit\/","og_locale":"fi_FI","og_type":"article","og_title":"S\u00e4hk\u00f6iset osaamismerkit - Ohjesivusto adventtikalenterin myyjille","og_description":"S\u00e4hk\u00f6inen osaamismerkki konkretisoi kampanjan vet\u00e4misess\u00e4 saavutetun osaamisen Kampanjap\u00e4\u00e4llik\u00f6n teht\u00e4v\u00e4ss\u00e4 vaaditaan","og_url":"https:\/\/www.adventtikalenteri.fi\/myyjille\/kampanjan-hallinta\/kampanjan-jalkeen\/sahkoiset-osaamismerkit\/","og_site_name":"Ohjesivusto adventtikalenterin myyjille","article_modified_time":"2024-08-28T13:18:43+00:00","og_image":[{"width":1500,"height":1000,"url":"https:\/\/www.adventtikalenteri.fi\/myyjille\/wp-content\/uploads\/sites\/2\/2025\/08\/Adventtikalenteri25_NettaHautamaki_35.jpg","type":"image\/jpeg"}],"twitter_card":"summary_large_image","twitter_misc":{"Arvioitu lukuaika":"1 minuutti"},"schema":{"@context":"https:\/\/schema.org","@graph":[{"@type":"WebPage","@id":"https:\/\/www.adventtikalenteri.fi\/myyjille\/kampanjan-hallinta\/kampanjan-jalkeen\/sahkoiset-osaamismerkit\/","url":"https:\/\/www.adventtikalenteri.fi\/myyjille\/kampanjan-hallinta\/kampanjan-jalkeen\/sahkoiset-osaamismerkit\/","name":"S\u00e4hk\u00f6iset osaamismerkit - Ohjesivusto adventtikalenterin myyjille","isPartOf":{"@id":"https:\/\/www.adventtikalenteri.fi\/myyjille\/#website"},"datePublished":"2021-08-31T12:43:03+00:00","dateModified":"2024-08-28T13:18:43+00:00","breadcrumb":{"@id":"https:\/\/www.adventtikalenteri.fi\/myyjille\/kampanjan-hallinta\/kampanjan-jalkeen\/sahkoiset-osaamismerkit\/#breadcrumb"},"inLanguage":"fi","potentialAction":[{"@type":"ReadAction","target":["https:\/\/www.adventtikalenteri.fi\/myyjille\/kampanjan-hallinta\/kampanjan-jalkeen\/sahkoiset-osaamismerkit\/"]}]},{"@type":"BreadcrumbList","@id":"https:\/\/www.adventtikalenteri.fi\/myyjille\/kampanjan-hallinta\/kampanjan-jalkeen\/sahkoiset-osaamismerkit\/#breadcrumb","itemListElement":[{"@type":"ListItem","position":1,"name":"Etusivu","item":"https:\/\/www.adventtikalenteri.fi\/myyjille\/"},{"@type":"ListItem","position":2,"name":"Kampanjan hallinta","item":"https:\/\/www.adventtikalenteri.fi\/myyjille\/kampanjan-hallinta\/"},{"@type":"ListItem","position":3,"name":"Kampanjan j\u00e4lkeen","item":"https:\/\/www.adventtikalenteri.fi\/myyjille\/kampanjan-hallinta\/kampanjan-jalkeen\/"},{"@type":"ListItem","position":4,"name":"S\u00e4hk\u00f6iset osaamismerkit"}]},{"@type":"WebSite","@id":"https:\/\/www.adventtikalenteri.fi\/myyjille\/#website","url":"https:\/\/www.adventtikalenteri.fi\/myyjille\/","name":"Ohjesivusto adventtikalenterin myyjille","description":"","potentialAction":[{"@type":"SearchAction","target":{"@type":"EntryPoint","urlTemplate":"https:\/\/www.adventtikalenteri.fi\/myyjille\/?s={search_term_string}"},"query-input":{"@type":"PropertyValueSpecification","valueRequired":true,"valueName":"search_term_string"}}],"inLanguage":"fi"}]}},"_links":{"self":[{"href":"https:\/\/www.adventtikalenteri.fi\/myyjille\/wp-json\/wp\/v2\/pages\/578","targetHints":{"allow":["GET"]}}],"collection":[{"href":"https:\/\/www.adventtikalenteri.fi\/myyjille\/wp-json\/wp\/v2\/pages"}],"about":[{"href":"https:\/\/www.adventtikalenteri.fi\/myyjille\/wp-json\/wp\/v2\/types\/page"}],"author":[{"embeddable":true,"href":"https:\/\/www.adventtikalenteri.fi\/myyjille\/wp-json\/wp\/v2\/users\/9"}],"replies":[{"embeddable":true,"href":"https:\/\/www.adventtikalenteri.fi\/myyjille\/wp-json\/wp\/v2\/comments?post=578"}],"version-history":[{"count":2,"href":"https:\/\/www.adventtikalenteri.fi\/myyjille\/wp-json\/wp\/v2\/pages\/578\/revisions"}],"predecessor-version":[{"id":3243,"href":"https:\/\/www.adventtikalenteri.fi\/myyjille\/wp-json\/wp\/v2\/pages\/578\/revisions\/3243"}],"up":[{"embeddable":true,"href":"https:\/\/www.adventtikalenteri.fi\/myyjille\/wp-json\/wp\/v2\/pages\/240"}],"wp:attachment":[{"href":"https:\/\/www.adventtikalenteri.fi\/myyjille\/wp-json\/wp\/v2\/media?parent=578"}],"curies":[{"name":"wp","href":"https:\/\/api.w.org\/{rel}","templated":true}]}}