{"id":1398,"date":"2019-07-08T12:25:19","date_gmt":"2019-07-08T09:25:19","guid":{"rendered":"https:\/\/www.adventtikalenteri.fi\/vastuullisuus\/"},"modified":"2019-10-01T15:34:50","modified_gmt":"2019-10-01T12:34:50","slug":"ansvar","status":"publish","type":"page","link":"https:\/\/www.adventtikalenteri.fi\/sv\/ansvar\/","title":{"rendered":"Ansvar"},"content":{"rendered":"<h1><span class=\"TextRun SCXW45590927 BCX0\" lang=\"SV\" xml:lang=\"SV\" data-contrast=\"auto\"><span class=\"NormalTextRun SCXW45590927 BCX0\">Scouternas adventskalender produceras och s\u00e4ljs ansvarsfullt<\/span><\/span><\/h1>\n<p><span data-contrast=\"auto\">Scouternas adventskalender har f\u00e5tt m\u00e4rkningen Nyckelflaggan som ett tecken p\u00e5 dess inhemska ursprung. \u00c4ven illustrationen har gjorts av en finl\u00e4ndsk illustrat\u00f6r. Adventskalendrarna trycks i Tavastehus p\u00e5 Papermark Oy och materialet som anv\u00e4nds best\u00e5r till st\u00f6rsta andelen av r\u00e5varor producerade i Finland.<\/span><\/p>\n<p><span data-contrast=\"auto\">\u00c5rets kalender \u00e4r tryckt p\u00e5 FSC-certifierad kartong. Certifikatet garanterar att kartongen vi anv\u00e4nder kommer fr\u00e5n ansvarfullt skogsbruk som bidrar till ekologiska, sociala och ekonomiska f\u00f6rdelar.<\/span><\/p>\n<p><span data-contrast=\"auto\">Adventskalendrar packas plast, s\u00e5 att de f\u00f6rvaras hela \u00e4ven under anstr\u00e4ngda omst\u00e4ndigheter. Plastomslaget kan sorteras i plast\u00e5tervinningen.\u00a0 Om ingen plast\u00e5tervinning finns att tillg\u00e5 kan omslaget \u00e4ven br\u00e4nnas.<\/span><\/p>\n<p><span data-contrast=\"auto\">F\u00f6rs\u00e4ljningen av adventskalendern \u00e4r scouternas mest betydelsefulla medelsinsamlingskampanj, d\u00e4r int\u00e4kterna i sin helhet anv\u00e4nds f\u00f6r scoutverksamheten. Upp till 74% av int\u00e4kterna anv\u00e4nds f\u00f6r att underst\u00f6da den lokala och regionala scoutverksamheten, d.v.s. till scoutk\u00e5rerna och distrikten.<\/span><\/p>\n<p><span class=\"TextRun SCXW127174107 BCX0\" lang=\"SV\" xml:lang=\"SV\" data-contrast=\"auto\"><span class=\"NormalTextRun SCXW127174107 BCX0\">Kalenderf\u00f6rs\u00e4ljningen \u00e4r momsbefriad medelsinsamling av en allm\u00e4nnyttig f\u00f6rening (MOMS 4\u00a7) och kr\u00e4ver d\u00e4rmed inget insamlingstillst\u00e5nd.<\/span><\/span><\/p>\n<p><span class=\"TextRun  BCX0 SCXW60403226\" lang=\"SV\" xml:lang=\"SV\" data-contrast=\"auto\"><span class=\"NormalTextRun  BCX0 SCXW60403226\">Kalendrar s\u00e4ljs f\u00f6rutom i\u00a0<\/span><\/span><span class=\"TextRun  BCX0 SCXW60403226\" lang=\"SV\" xml:lang=\"SV\" data-contrast=\"auto\"><span class=\"SpellingError  BCX0 SCXW60403226\">webbshoppen<\/span><\/span><span class=\"TextRun  BCX0 SCXW60403226\" lang=\"SV\" xml:lang=\"SV\" data-contrast=\"auto\"><span class=\"NormalTextRun  BCX0 SCXW60403226\">\u00a0p\u00e5 olika evenemang, d\u00f6rr till d\u00f6rr och i k\u00f6pcenter. Nationellt finns en \u00f6verenskommelse om f\u00f6rs\u00e4ljningstillst\u00e5nd i n\u00e4rheten av\u00a0K- och S-gruppens aff\u00e4rer,\u00a0<\/span><\/span><span class=\"TextRun  BCX0 SCXW60403226\" lang=\"SV\" xml:lang=\"SV\" data-contrast=\"auto\"><span class=\"SpellingError  BCX0 SCXW60403226\">Lidl<\/span><\/span><span class=\"TextRun  BCX0 SCXW60403226\" lang=\"SV\" xml:lang=\"SV\" data-contrast=\"auto\"><span class=\"NormalTextRun  BCX0 SCXW60403226\">\u00a0Finland och\u00a0<\/span><\/span><span class=\"TextRun  BCX0 SCXW60403226\" lang=\"SV\" xml:lang=\"SV\" data-contrast=\"auto\"><span class=\"SpellingError  BCX0 SCXW60403226\">Citycon<\/span><\/span><span class=\"TextRun  BCX0 SCXW60403226\" lang=\"SV\" xml:lang=\"SV\" data-contrast=\"auto\"><span class=\"NormalTextRun  BCX0 SCXW60403226\"> k\u00f6pcentren. Ut\u00f6ver den nationella \u00f6verenskommelsen f\u00f6rhandlar scoutk\u00e5rerna alltid p\u00e5 lokal niv\u00e5 om f\u00f6rs\u00e4ljningen.<\/span><\/span><\/p>\n","protected":false},"excerpt":{"rendered":"<p>Scouternas adventskalender produceras och s\u00e4ljs ansvarsfullt Scouternas adventskalender har f\u00e5tt<\/p>\n","protected":false},"author":1,"featured_media":0,"parent":0,"menu_order":102,"comment_status":"closed","ping_status":"closed","template":"","meta":{"_acf_changed":false,"footnotes":""},"class_list":["post-1398","page","type-page","status-publish","hentry"],"acf":[],"yoast_head":"<!-- This site is optimized with the Yoast SEO plugin v27.3 - https:\/\/yoast.com\/product\/yoast-seo-wordpress\/ -->\n<title>Ansvar &#8211; Scouternas adventskalender<\/title>\n<meta name=\"robots\" content=\"index, follow, max-snippet:-1, max-image-preview:large, max-video-preview:-1\" \/>\n<link rel=\"canonical\" href=\"https:\/\/www.adventtikalenteri.fi\/sv\/ansvar\/\" \/>\n<meta property=\"og:locale\" content=\"sv_SE\" \/>\n<meta property=\"og:type\" content=\"article\" \/>\n<meta property=\"og:title\" content=\"Ansvar &#8211; Scouternas adventskalender\" \/>\n<meta property=\"og:description\" content=\"Scouternas adventskalender produceras och s\u00e4ljs ansvarsfullt Scouternas adventskalender har f\u00e5tt\" \/>\n<meta property=\"og:url\" content=\"https:\/\/www.adventtikalenteri.fi\/sv\/ansvar\/\" \/>\n<meta property=\"og:site_name\" content=\"Scouternas adventskalender\" \/>\n<meta property=\"article:modified_time\" content=\"2019-10-01T12:34:50+00:00\" \/>\n<meta property=\"og:image\" content=\"https:\/\/www.adventtikalenteri.fi\/wp-content\/uploads\/2025\/08\/Adventtikalenteri25_NettaHautamaki-8-scaled.jpg\" \/>\n\t<meta property=\"og:image:width\" content=\"2560\" \/>\n\t<meta property=\"og:image:height\" content=\"1344\" \/>\n\t<meta property=\"og:image:type\" content=\"image\/jpeg\" \/>\n<meta name=\"twitter:card\" content=\"summary_large_image\" \/>\n<meta name=\"twitter:label1\" content=\"Ber\u00e4knad l\u00e4stid\" \/>\n\t<meta name=\"twitter:data1\" content=\"1 minut\" \/>\n<script type=\"application\/ld+json\" class=\"yoast-schema-graph\">{\"@context\":\"https:\\\/\\\/schema.org\",\"@graph\":[{\"@type\":\"WebPage\",\"@id\":\"https:\\\/\\\/www.adventtikalenteri.fi\\\/sv\\\/ansvar\\\/\",\"url\":\"https:\\\/\\\/www.adventtikalenteri.fi\\\/sv\\\/ansvar\\\/\",\"name\":\"Ansvar &#8211; Scouternas adventskalender\",\"isPartOf\":{\"@id\":\"https:\\\/\\\/www.adventtikalenteri.fi\\\/sv\\\/#website\"},\"datePublished\":\"2019-07-08T09:25:19+00:00\",\"dateModified\":\"2019-10-01T12:34:50+00:00\",\"breadcrumb\":{\"@id\":\"https:\\\/\\\/www.adventtikalenteri.fi\\\/sv\\\/ansvar\\\/#breadcrumb\"},\"inLanguage\":\"sv-SE\",\"potentialAction\":[{\"@type\":\"ReadAction\",\"target\":[\"https:\\\/\\\/www.adventtikalenteri.fi\\\/sv\\\/ansvar\\\/\"]}]},{\"@type\":\"BreadcrumbList\",\"@id\":\"https:\\\/\\\/www.adventtikalenteri.fi\\\/sv\\\/ansvar\\\/#breadcrumb\",\"itemListElement\":[{\"@type\":\"ListItem\",\"position\":1,\"name\":\"Etusivu\",\"item\":\"https:\\\/\\\/www.adventtikalenteri.fi\\\/sv\\\/\"},{\"@type\":\"ListItem\",\"position\":2,\"name\":\"Ansvar\"}]},{\"@type\":\"WebSite\",\"@id\":\"https:\\\/\\\/www.adventtikalenteri.fi\\\/sv\\\/#website\",\"url\":\"https:\\\/\\\/www.adventtikalenteri.fi\\\/sv\\\/\",\"name\":\"Scouternas adventskalender\",\"description\":\"\",\"potentialAction\":[{\"@type\":\"SearchAction\",\"target\":{\"@type\":\"EntryPoint\",\"urlTemplate\":\"https:\\\/\\\/www.adventtikalenteri.fi\\\/sv\\\/?s={search_term_string}\"},\"query-input\":{\"@type\":\"PropertyValueSpecification\",\"valueRequired\":true,\"valueName\":\"search_term_string\"}}],\"inLanguage\":\"sv-SE\"}]}<\/script>\n<!-- \/ Yoast SEO plugin. -->","yoast_head_json":{"title":"Ansvar &#8211; Scouternas adventskalender","robots":{"index":"index","follow":"follow","max-snippet":"max-snippet:-1","max-image-preview":"max-image-preview:large","max-video-preview":"max-video-preview:-1"},"canonical":"https:\/\/www.adventtikalenteri.fi\/sv\/ansvar\/","og_locale":"sv_SE","og_type":"article","og_title":"Ansvar &#8211; Scouternas adventskalender","og_description":"Scouternas adventskalender produceras och s\u00e4ljs ansvarsfullt Scouternas adventskalender har f\u00e5tt","og_url":"https:\/\/www.adventtikalenteri.fi\/sv\/ansvar\/","og_site_name":"Scouternas adventskalender","article_modified_time":"2019-10-01T12:34:50+00:00","og_image":[{"width":2560,"height":1344,"url":"https:\/\/www.adventtikalenteri.fi\/wp-content\/uploads\/2025\/08\/Adventtikalenteri25_NettaHautamaki-8-scaled.jpg","type":"image\/jpeg"}],"twitter_card":"summary_large_image","twitter_misc":{"Ber\u00e4knad l\u00e4stid":"1 minut"},"schema":{"@context":"https:\/\/schema.org","@graph":[{"@type":"WebPage","@id":"https:\/\/www.adventtikalenteri.fi\/sv\/ansvar\/","url":"https:\/\/www.adventtikalenteri.fi\/sv\/ansvar\/","name":"Ansvar &#8211; Scouternas adventskalender","isPartOf":{"@id":"https:\/\/www.adventtikalenteri.fi\/sv\/#website"},"datePublished":"2019-07-08T09:25:19+00:00","dateModified":"2019-10-01T12:34:50+00:00","breadcrumb":{"@id":"https:\/\/www.adventtikalenteri.fi\/sv\/ansvar\/#breadcrumb"},"inLanguage":"sv-SE","potentialAction":[{"@type":"ReadAction","target":["https:\/\/www.adventtikalenteri.fi\/sv\/ansvar\/"]}]},{"@type":"BreadcrumbList","@id":"https:\/\/www.adventtikalenteri.fi\/sv\/ansvar\/#breadcrumb","itemListElement":[{"@type":"ListItem","position":1,"name":"Etusivu","item":"https:\/\/www.adventtikalenteri.fi\/sv\/"},{"@type":"ListItem","position":2,"name":"Ansvar"}]},{"@type":"WebSite","@id":"https:\/\/www.adventtikalenteri.fi\/sv\/#website","url":"https:\/\/www.adventtikalenteri.fi\/sv\/","name":"Scouternas adventskalender","description":"","potentialAction":[{"@type":"SearchAction","target":{"@type":"EntryPoint","urlTemplate":"https:\/\/www.adventtikalenteri.fi\/sv\/?s={search_term_string}"},"query-input":{"@type":"PropertyValueSpecification","valueRequired":true,"valueName":"search_term_string"}}],"inLanguage":"sv-SE"}]}},"_links":{"self":[{"href":"https:\/\/www.adventtikalenteri.fi\/sv\/wp-json\/wp\/v2\/pages\/1398","targetHints":{"allow":["GET"]}}],"collection":[{"href":"https:\/\/www.adventtikalenteri.fi\/sv\/wp-json\/wp\/v2\/pages"}],"about":[{"href":"https:\/\/www.adventtikalenteri.fi\/sv\/wp-json\/wp\/v2\/types\/page"}],"author":[{"embeddable":true,"href":"https:\/\/www.adventtikalenteri.fi\/sv\/wp-json\/wp\/v2\/users\/1"}],"replies":[{"embeddable":true,"href":"https:\/\/www.adventtikalenteri.fi\/sv\/wp-json\/wp\/v2\/comments?post=1398"}],"version-history":[{"count":6,"href":"https:\/\/www.adventtikalenteri.fi\/sv\/wp-json\/wp\/v2\/pages\/1398\/revisions"}],"predecessor-version":[{"id":1490,"href":"https:\/\/www.adventtikalenteri.fi\/sv\/wp-json\/wp\/v2\/pages\/1398\/revisions\/1490"}],"wp:attachment":[{"href":"https:\/\/www.adventtikalenteri.fi\/sv\/wp-json\/wp\/v2\/media?parent=1398"}],"curies":[{"name":"wp","href":"https:\/\/api.w.org\/{rel}","templated":true}]}}

<h1><span class="TextRun SCXW45590927 BCX0" lang="SV" xml:lang="SV" data-contrast="auto"><span class="NormalTextRun SCXW45590927 BCX0">Scouternas adventskalender produceras och säljs ansvarsfullt</span></span></h1>
<p><span data-contrast="auto">Scouternas adventskalender har fått märkningen Nyckelflaggan som ett tecken på dess inhemska ursprung. Även illustrationen har gjorts av en finländsk illustratör. Adventskalendrarna trycks i Tavastehus på Papermark Oy och materialet som används består till största andelen av råvaror producerade i Finland.</span></p>
<p><span data-contrast="auto">Årets kalender är tryckt på FSC-certifierad kartong. Certifikatet garanterar att kartongen vi använder kommer från ansvarfullt skogsbruk som bidrar till ekologiska, sociala och ekonomiska fördelar.</span></p>
<p><span data-contrast="auto">Adventskalendrar packas plast, så att de förvaras hela även under ansträngda omständigheter. Plastomslaget kan sorteras i plaståtervinningen.  Om ingen plaståtervinning finns att tillgå kan omslaget även brännas.</span></p>
<p><span data-contrast="auto">Försäljningen av adventskalendern är scouternas mest betydelsefulla medelsinsamlingskampanj, där intäkterna i sin helhet används för scoutverksamheten. Upp till 74% av intäkterna används för att understöda den lokala och regionala scoutverksamheten, d.v.s. till scoutkårerna och distrikten.</span></p>
<p><span class="TextRun SCXW127174107 BCX0" lang="SV" xml:lang="SV" data-contrast="auto"><span class="NormalTextRun SCXW127174107 BCX0">Kalenderförsäljningen är momsbefriad medelsinsamling av en allmännyttig förening (MOMS 4§) och kräver därmed inget insamlingstillstånd.</span></span></p>
<p><span class="TextRun  BCX0 SCXW60403226" lang="SV" xml:lang="SV" data-contrast="auto"><span class="NormalTextRun  BCX0 SCXW60403226">Kalendrar säljs förutom i </span></span><span class="TextRun  BCX0 SCXW60403226" lang="SV" xml:lang="SV" data-contrast="auto"><span class="SpellingError  BCX0 SCXW60403226">webbshoppen</span></span><span class="TextRun  BCX0 SCXW60403226" lang="SV" xml:lang="SV" data-contrast="auto"><span class="NormalTextRun  BCX0 SCXW60403226"> på olika evenemang, dörr till dörr och i köpcenter. Nationellt finns en överenskommelse om försäljningstillstånd i närheten av K- och S-gruppens affärer, </span></span><span class="TextRun  BCX0 SCXW60403226" lang="SV" xml:lang="SV" data-contrast="auto"><span class="SpellingError  BCX0 SCXW60403226">Lidl</span></span><span class="TextRun  BCX0 SCXW60403226" lang="SV" xml:lang="SV" data-contrast="auto"><span class="NormalTextRun  BCX0 SCXW60403226"> Finland och </span></span><span class="TextRun  BCX0 SCXW60403226" lang="SV" xml:lang="SV" data-contrast="auto"><span class="SpellingError  BCX0 SCXW60403226">Citycon</span></span><span class="TextRun  BCX0 SCXW60403226" lang="SV" xml:lang="SV" data-contrast="auto"><span class="NormalTextRun  BCX0 SCXW60403226"> köpcentren. Utöver den nationella överenskommelsen förhandlar scoutkårerna alltid på lokal nivå om försäljningen.</span></span></p>

<p>Scouternas adventskalender produceras och säljs ansvarsfullt Scouternas adventskalender har fått</p>

<!-- This site is optimized with the Yoast SEO plugin v27.3 - https://yoast.com/product/yoast-seo-wordpress/ -->
<title>Ansvar &#8211; Scouternas adventskalender</title>
<meta name="robots" content="index, follow, max-snippet:-1, max-image-preview:large, max-video-preview:-1" />
<link rel="canonical" href="https://www.adventtikalenteri.fi/sv/ansvar/" />
<meta property="og:locale" content="sv_SE" />
<meta property="og:type" content="article" />
<meta property="og:title" content="Ansvar &#8211; Scouternas adventskalender" />
<meta property="og:description" content="Scouternas adventskalender produceras och säljs ansvarsfullt Scouternas adventskalender har fått" />
<meta property="og:url" content="https://www.adventtikalenteri.fi/sv/ansvar/" />
<meta property="og:site_name" content="Scouternas adventskalender" />
<meta property="article:modified_time" content="2019-10-01T12:34:50+00:00" />
<meta property="og:image" content="https://www.adventtikalenteri.fi/wp-content/uploads/2025/08/Adventtikalenteri25_NettaHautamaki-8-scaled.jpg" />
	<meta property="og:image:width" content="2560" />
	<meta property="og:image:height" content="1344" />
	<meta property="og:image:type" content="image/jpeg" />
<meta name="twitter:card" content="summary_large_image" />
<meta name="twitter:label1" content="Beräknad lästid" />
	<meta name="twitter:data1" content="1 minut" />
<script type="application/ld+json" class="yoast-schema-graph">{"@context":"https:\/\/schema.org","@graph":[{"@type":"WebPage","@id":"https:\/\/www.adventtikalenteri.fi\/sv\/ansvar\/","url":"https:\/\/www.adventtikalenteri.fi\/sv\/ansvar\/","name":"Ansvar &#8211; Scouternas adventskalender","isPartOf":{"@id":"https:\/\/www.adventtikalenteri.fi\/sv\/#website"},"datePublished":"2019-07-08T09:25:19+00:00","dateModified":"2019-10-01T12:34:50+00:00","breadcrumb":{"@id":"https:\/\/www.adventtikalenteri.fi\/sv\/ansvar\/#breadcrumb"},"inLanguage":"sv-SE","potentialAction":[{"@type":"ReadAction","target":["https:\/\/www.adventtikalenteri.fi\/sv\/ansvar\/"]}]},{"@type":"BreadcrumbList","@id":"https:\/\/www.adventtikalenteri.fi\/sv\/ansvar\/#breadcrumb","itemListElement":[{"@type":"ListItem","position":1,"name":"Etusivu","item":"https:\/\/www.adventtikalenteri.fi\/sv\/"},{"@type":"ListItem","position":2,"name":"Ansvar"}]},{"@type":"WebSite","@id":"https:\/\/www.adventtikalenteri.fi\/sv\/#website","url":"https:\/\/www.adventtikalenteri.fi\/sv\/","name":"Scouternas adventskalender","description":"","potentialAction":[{"@type":"SearchAction","target":{"@type":"EntryPoint","urlTemplate":"https:\/\/www.adventtikalenteri.fi\/sv\/?s={search_term_string}"},"query-input":{"@type":"PropertyValueSpecification","valueRequired":true,"valueName":"search_term_string"}}],"inLanguage":"sv-SE"}]}</script>
<!-- / Yoast SEO plugin. -->

Scouternas adventskalender produceras och säljs ansvarsfullt Scouternas adventskalender har fått
